{"id":1076,"date":"2016-02-19T22:36:23","date_gmt":"2016-02-19T21:36:23","guid":{"rendered":"http:\/\/sjbb.fr\/?page_id=1076"},"modified":"2025-09-11T12:54:46","modified_gmt":"2025-09-11T11:54:46","slug":"les-horaires","status":"publish","type":"page","link":"https:\/\/sjbb.fr\/index.php\/les-horaires\/","title":{"rendered":"ENSEMBLE DES HORAIRES"},"content":{"rendered":"\n<h2 class=\"wp-block-heading has-text-align-left has-text-color\" style=\"color:#034561;font-size:23px\"><strong>Hors p\u00e9riode de vacances scolaires<\/strong><\/h2>\n\n\n\n<div class=\"wp-block-group has-blush-light-purple-gradient-background has-background\"><div class=\"wp-block-group__inner-container is-layout-constrained wp-block-group-is-layout-constrained\">\n<h4 class=\"wp-block-heading\"><strong>HORAIRES GENERALES DES MESSES<\/strong><\/h4>\n\n\n\n<ul class=\"wp-block-list\">\n<li><strong>En semaine<\/strong>&nbsp;:&nbsp;du&nbsp;<em>lundi&nbsp;<\/em>au&nbsp;<em>vendredi&nbsp;<\/em>messe \u00e0&nbsp;<strong>19h<\/strong><\/li>\n\n\n\n<li>Et du&nbsp;<em><strong>mardi&nbsp;<\/strong><\/em>au&nbsp;<em><strong>vendredi <\/strong><\/em>messe \u00e0&nbsp;<strong>8h30<\/strong> (samedi <strong>9h00<\/strong>)<\/li>\n\n\n\n<li><strong>Messes dominicales<\/strong>&nbsp;: samedi&nbsp;<strong>18h30<\/strong>&nbsp;et dimanche&nbsp;<strong>11h<\/strong>&nbsp;et&nbsp;<strong>18h30<\/strong><\/li>\n<\/ul>\n<\/div><\/div>\n\n\n\n<h4 class=\"wp-block-heading\"><strong>L\u2019\u00c9GLISE EST OUVERT<\/strong>E<\/h4>\n\n\n\n<ul class=\"wp-block-list\">\n<li>Dimanche, mardi, mercredi, jeudi, samedi :\u00a0<strong>8h30 \u2013 19h00<\/strong><\/li>\n\n\n\n<li>Lundi :&nbsp;<strong>9h30 \u2013 20h30<\/strong><\/li>\n\n\n\n<li>Vendredi :&nbsp;<strong>8h15 \u2013 20h30<\/strong><\/li>\n<\/ul>\n\n\n\n<p><strong>L\u2019ACCUEIL DANS L\u2019\u00c9GLISE<\/strong><\/p>\n\n\n\n<ul class=\"wp-block-list\">\n<li>Lundi de&nbsp;<strong>14h \u00e0 19h.<\/strong><\/li>\n\n\n\n<li>Mardi, jeudi, vendredi de&nbsp;<strong>9h30 \u00e0 12h et de 16h30 \u00e0 19h.<\/strong><\/li>\n\n\n\n<li>Mercredi\u00a0<strong>de 16h30 \u00e0 19h.<\/strong>\u00a0Samedi\u00a0<strong>9h00 \u2013 18h30.<\/strong><\/li>\n<\/ul>\n\n\n\n<div class=\"wp-block-group has-background\" style=\"background-color:#ead7ff\"><div class=\"wp-block-group__inner-container is-layout-constrained wp-block-group-is-layout-constrained\">\n<p><strong>ACCUEIL DES PR\u00caTRES ET CONFESSIONS<\/strong><\/p>\n\n\n\n<ul class=\"wp-block-list\">\n<li>Du mercredi et vendredi de<strong>&nbsp;17h \u00e0 18h30.<\/strong><\/li>\n\n\n\n<li>samedi de&nbsp;<strong>10h30 \u00e0 12h00<\/strong><\/li>\n<\/ul>\n<\/div><\/div>\n\n\n\n<h4 class=\"wp-block-heading\"><strong>SECR\u00c9TARIAT<\/strong><\/h4>\n\n\n\n<ul class=\"wp-block-list\">\n<li>15, rue Lassus 75019<\/li>\n\n\n\n<li>Mardi et vendredi&nbsp;<strong>9h30 \u2013 12h30 et 14h30 \u2013 18h.<\/strong><\/li>\n\n\n\n<li>Mercredi&nbsp;<strong>de 9h30 \u00e0 12h30.<\/strong><\/li>\n<\/ul>\n\n\n\n<p><a href=\"https:\/\/sjbb.fr\/index.php\/agenda\/\">CALENDRIERS DU DETAIL DES HORAIRES<\/a><a href=\"http:\/\/sjbb.fr\/index.php\/feuille-paroissiale\/\"><\/a><\/p>\n\n\n\n<h4 class=\"wp-block-heading\" id=\"mce_9\"><strong>ADRESSES<\/strong><\/h4>\n\n\n\n<p>139 rue de Belleville 75019 Paris (\u00c9glise)<br>15 rue Lassus 75019 Paris (adresse postale)<br><strong>T\u00e9l. : 01 42 08 54 54<\/strong><\/p>\n\n\n\n<p><strong><a href=\"https:\/\/sjbb.fr\/index.php\/feuilles-paroissiales\/\">Feuille paroissiale de&nbsp; St Jean-Baptiste de Belleville<\/a><\/strong><\/p>\n\n\n\n<figure class=\"wp-block-embed is-type-video is-provider-youtube wp-block-embed-youtube wp-embed-aspect-4-3 wp-has-aspect-ratio\"><div class=\"wp-block-embed__wrapper\">\n<iframe loading=\"lazy\" title=\"Veni Domine Jesu (Music by Marco Frisina)\" width=\"629\" height=\"472\" src=\"https:\/\/www.youtube.com\/embed\/JRy6IUCgoWA?feature=oembed\" frameborder=\"0\" allow=\"accelerometer; autoplay; clipboard-write; encrypted-media; gyroscope; picture-in-picture; web-share\" referrerpolicy=\"strict-origin-when-cross-origin\" allowfullscreen><\/iframe>\n<\/div><\/figure>\n\n\n\n<p><\/p>\n","protected":false},"excerpt":{"rendered":"<p>Hors p\u00e9riode de vacances scolaires HORAIRES GENERALES DES MESSES L\u2019\u00c9GLISE EST OUVERTE L\u2019ACCUEIL DANS L\u2019\u00c9GLISE ACCUEIL DES PR\u00caTRES ET CONFESSIONS SECR\u00c9TARIAT CALENDRIERS DU DETAIL DES HORAIRES ADRESSES 139 rue de Belleville 75019 Paris (\u00c9glise)15 rue Lassus 75019 Paris (adresse postale)T\u00e9l. : 01 42 08 54 54 Feuille paroissiale de&nbsp; St Jean-Baptiste de Belleville<\/p>\n","protected":false},"author":1,"featured_media":4314,"parent":0,"menu_order":0,"comment_status":"closed","ping_status":"closed","template":"","meta":{"footnotes":""},"class_list":["post-1076","page","type-page","status-publish","has-post-thumbnail","hentry"],"jetpack_sharing_enabled":true,"_links":{"self":[{"href":"https:\/\/sjbb.fr\/index.php\/wp-json\/wp\/v2\/pages\/1076","targetHints":{"allow":["GET"]}}],"collection":[{"href":"https:\/\/sjbb.fr\/index.php\/wp-json\/wp\/v2\/pages"}],"about":[{"href":"https:\/\/sjbb.fr\/index.php\/wp-json\/wp\/v2\/types\/page"}],"author":[{"embeddable":true,"href":"https:\/\/sjbb.fr\/index.php\/wp-json\/wp\/v2\/users\/1"}],"replies":[{"embeddable":true,"href":"https:\/\/sjbb.fr\/index.php\/wp-json\/wp\/v2\/comments?post=1076"}],"version-history":[{"count":9,"href":"https:\/\/sjbb.fr\/index.php\/wp-json\/wp\/v2\/pages\/1076\/revisions"}],"predecessor-version":[{"id":18842,"href":"https:\/\/sjbb.fr\/index.php\/wp-json\/wp\/v2\/pages\/1076\/revisions\/18842"}],"wp:featuredmedia":[{"embeddable":true,"href":"https:\/\/sjbb.fr\/index.php\/wp-json\/wp\/v2\/media\/4314"}],"wp:attachment":[{"href":"https:\/\/sjbb.fr\/index.php\/wp-json\/wp\/v2\/media?parent=1076"}],"curies":[{"name":"wp","href":"https:\/\/api.w.org\/{rel}","templated":true}]}}

<h2 class="wp-block-heading has-text-align-left has-text-color" style="color:#034561;font-size:23px"><strong>Hors période de vacances scolaires</strong></h2>



<div class="wp-block-group has-blush-light-purple-gradient-background has-background"><div class="wp-block-group__inner-container is-layout-constrained wp-block-group-is-layout-constrained">
<h4 class="wp-block-heading"><strong>HORAIRES GENERALES DES MESSES</strong></h4>



<ul class="wp-block-list">
<li><strong>En semaine</strong>&nbsp;:&nbsp;du&nbsp;<em>lundi&nbsp;</em>au&nbsp;<em>vendredi&nbsp;</em>messe à&nbsp;<strong>19h</strong></li>



<li>Et du&nbsp;<em><strong>mardi&nbsp;</strong></em>au&nbsp;<em><strong>vendredi </strong></em>messe à&nbsp;<strong>8h30</strong> (samedi <strong>9h00</strong>)</li>



<li><strong>Messes dominicales</strong>&nbsp;: samedi&nbsp;<strong>18h30</strong>&nbsp;et dimanche&nbsp;<strong>11h</strong>&nbsp;et&nbsp;<strong>18h30</strong></li>
</ul>
</div></div>



<h4 class="wp-block-heading"><strong>L’ÉGLISE EST OUVERT</strong>E</h4>



<ul class="wp-block-list">
<li>Dimanche, mardi, mercredi, jeudi, samedi : <strong>8h30 – 19h00</strong></li>



<li>Lundi :&nbsp;<strong>9h30 – 20h30</strong></li>



<li>Vendredi :&nbsp;<strong>8h15 – 20h30</strong></li>
</ul>



<p><strong>L’ACCUEIL DANS L’ÉGLISE</strong></p>



<ul class="wp-block-list">
<li>Lundi de&nbsp;<strong>14h à 19h.</strong></li>



<li>Mardi, jeudi, vendredi de&nbsp;<strong>9h30 à 12h et de 16h30 à 19h.</strong></li>



<li>Mercredi <strong>de 16h30 à 19h.</strong> Samedi <strong>9h00 – 18h30.</strong></li>
</ul>



<div class="wp-block-group has-background" style="background-color:#ead7ff"><div class="wp-block-group__inner-container is-layout-constrained wp-block-group-is-layout-constrained">
<p><strong>ACCUEIL DES PRÊTRES ET CONFESSIONS</strong></p>



<ul class="wp-block-list">
<li>Du mercredi et vendredi de<strong>&nbsp;17h à 18h30.</strong></li>



<li>samedi de&nbsp;<strong>10h30 à 12h00</strong></li>
</ul>
</div></div>



<h4 class="wp-block-heading"><strong>SECRÉTARIAT</strong></h4>



<ul class="wp-block-list">
<li>15, rue Lassus 75019</li>



<li>Mardi et vendredi&nbsp;<strong>9h30 – 12h30 et 14h30 – 18h.</strong></li>



<li>Mercredi&nbsp;<strong>de 9h30 à 12h30.</strong></li>
</ul>



<p><a href="https://sjbb.fr/index.php/agenda/">CALENDRIERS DU DETAIL DES HORAIRES</a><a href="http://sjbb.fr/index.php/feuille-paroissiale/"></a></p>



<h4 class="wp-block-heading" id="mce_9"><strong>ADRESSES</strong></h4>



<p>139 rue de Belleville 75019 Paris (Église)<br>15 rue Lassus 75019 Paris (adresse postale)<br><strong>Tél. : 01 42 08 54 54</strong></p>



<p><strong><a href="https://sjbb.fr/index.php/feuilles-paroissiales/">Feuille paroissiale de&nbsp; St Jean-Baptiste de Belleville</a></strong></p>



<figure class="wp-block-embed is-type-video is-provider-youtube wp-block-embed-youtube wp-embed-aspect-4-3 wp-has-aspect-ratio"><div class="wp-block-embed__wrapper">
<iframe loading="lazy" title="Veni Domine Jesu (Music by Marco Frisina)" width="629" height="472" src="https://www.youtube.com/embed/JRy6IUCgoWA?feature=oembed" frameborder="0" allow="accelerometer; autoplay; clipboard-write; encrypted-media; gyroscope; picture-in-picture; web-share" referrerpolicy="strict-origin-when-cross-origin" allowfullscreen></iframe>
</div></figure>



<p></p>

<p>Hors période de vacances scolaires HORAIRES GENERALES DES MESSES L’ÉGLISE EST OUVERTE L’ACCUEIL DANS L’ÉGLISE ACCUEIL DES PRÊTRES ET CONFESSIONS SECRÉTARIAT CALENDRIERS DU DETAIL DES HORAIRES ADRESSES 139 rue de Belleville 75019 Paris (Église)15 rue Lassus 75019 Paris (adresse postale)Tél. : 01 42 08 54 54 Feuille paroissiale de&nbsp; St Jean-Baptiste de Belleville</p>
