{"id":17460,"date":"2023-11-04T14:40:32","date_gmt":"2023-11-04T13:40:32","guid":{"rendered":"https:\/\/sjbb.fr\/?page_id=17460"},"modified":"2023-11-04T14:42:55","modified_gmt":"2023-11-04T13:42:55","slug":"les-visiteurs-du-jourdain","status":"publish","type":"page","link":"https:\/\/sjbb.fr\/index.php\/les-visiteurs-du-jourdain\/","title":{"rendered":"Les visiteurs du jourdain"},"content":{"rendered":"\n<p class=\"has-text-align-justify\">\u00ab Je visite un fr\u00e8re \u00bb, affich\u00e9 sur le poster du notre groupe \u00ab Les Visiteurs du Jourdain \u00bb. Voil\u00e0, c\u2019est effectivement ce que nous voulons faire.<\/p>\n\n\n\n<p class=\"has-text-align-justify\">Pendant les deux confinements du Covid, notre paroisse a su r\u00e9agir et r\u00e9pondre aux besoins des paroissiens et des habitants de notre quartier en cr\u00e9ant le groupe \u00ab Ange Gardien \u00bb. Beaucoup parmi nous ont r\u00e9pondu aux appels pour venir en aide \u00e0 nos ain\u00e9s et aussi \u00e0 nos malades. Ainsi, nous vivons une vraie fraternit\u00e9 au sein de notre paroisse.<\/p>\n\n\n\n<p class=\"has-text-align-justify\">Aujourd\u2019hui, nous ne sommes plus confin\u00e9s, et pourtant, il y a toujours des personnes isol\u00e9es, handicap\u00e9es et malades qui attendent derri\u00e8re les murs de leur appartement, notre pr\u00e9sence.<\/p>\n\n\n\n<p class=\"has-text-align-justify\">La Pastorale de la Sant\u00e9 du dioc\u00e8se de Paris a constat\u00e9, avant m\u00eame la pand\u00e9mie, que le monde m\u00e9dical vit une r\u00e9volution. De plus en plus, le s\u00e9jour \u00e0 l\u2019h\u00f4pital est \u00e9court\u00e9. Le parcours de soins se partage entre h\u00f4pital et domicile.<\/p>\n\n\n\n<p class=\"has-text-align-justify\">Il nous semble important qu\u2019au sein de notre paroisse qui vit d\u00e9j\u00e0 la fraternit\u00e9 \u00e0 travers diff\u00e9rents groupes, de continuer \u00e0 la vivre en mission en s\u2019adaptant aux besoins r\u00e9els de nos fr\u00e8res et de nos soeurs. Le groupe \u00ab Les Visiteurs du Jourdain \u00bb est dor\u00e9navant pr\u00e9sent pour porter avec vous cette mission, tout en \u00e9tant en \u00e9troite relation avec le groupe \u00ab Amiti\u00e9 Malade \u00bb. Ce sont des occasions o\u00f9 nous pouvons, au nom du Christ, nourrir notre relation aux autres.<\/p>\n\n\n\n<p class=\"has-text-align-justify\">Notre mission ne concerne pas uniquement l\u2019annonce directe de l\u2019Evangile. Elle est d\u2019abord une pr\u00e9sence gratuite et fraternelle, un service aupr\u00e8s de toutes les personnes isol\u00e9es, handicap\u00e9es, et malades de notre territoire paroissial, avec une attention sp\u00e9cifique \u00e0 la sant\u00e9, au retour d\u2019hospitalisation et \u00e0 la fin de vie \u00e0 domicile ou dans un \u00e9tablissement de notre quartier. C\u2019est la pr\u00e9sence r\u00e9elle de l\u2019Eglise dans le monde.<\/p>\n\n\n\n<p class=\"has-text-align-justify\">\u00ab Le Christ n\u2019a pas d\u2019autre corps sur terre que le v\u00f4tre, ni d\u2019autres mains que les v\u00f4tres, ni d\u2019autres pieds que les v\u00f4tres. C\u2019est par vos yeux que s\u2019exprime la compassion du Christ pour le monde ; par vos pieds qu\u2019Il s\u2019en va faire le bien ; par vos mains qu\u2019Il b\u00e9nisse aujourd\u2019hui l\u2019humanit\u00e9.\u00bb &#8212; Sainte Th\u00e9r\u00e8se d\u2019Avila.<\/p>\n\n\n\n<p class=\"has-text-align-justify\">Nous vous invitons donc chers fr\u00e8res et s\u0153urs, \u00e0 vivre cette fraternit\u00e9 missionnaire en \u00e9tant attentifs autour de nous. Soyons les yeux compatissants du Christ pour notre quartier, soyons Ses pieds et Ses mains pour faire le bien et b\u00e9nir notre prochain. N\u2019h\u00e9sitez pas \u00e0 nous signaler un voisin de palier ou quelqu\u2019un que vous connaissez qui a besoin de notre pr\u00e9sence en t\u00e9l\u00e9phonant au <strong>01.42.08.54.54<\/strong> ou en envoyant un email \u00e0 <a rel=\"noreferrer noopener\" href=\"mailto:lesvisiteursdujourdain@gmail.com\" target=\"_blank\">lesvisiteursdujourdain@gmail.com<\/a>.<\/p>\n\n\n\n<p class=\"has-text-align-justify\">Et vous aussi, si vous souhaitez que nous venions vous rendre visite, contactez nous, nous viendrons avec joie !<\/p>\n\n\n\n<p class=\"has-text-align-justify\"><strong><em>Diana Fen-Chong<\/em><\/strong><br>R\u00e9f\u00e9rent Sant\u00e9, pour Les Visiteurs du Jourdain<\/p>\n\n\n\n<figure class=\"wp-block-image size-large\"><a href=\"https:\/\/sjbb.fr\/wp-content\/uploads\/2023\/11\/je-visite-je-vous-attends-13.jpg\"><img loading=\"lazy\" decoding=\"async\" width=\"724\" height=\"1024\" src=\"https:\/\/sjbb.fr\/wp-content\/uploads\/2023\/11\/je-visite-je-vous-attends-13-724x1024.jpg\" alt=\"\" class=\"wp-image-17461\" srcset=\"https:\/\/sjbb.fr\/wp-content\/uploads\/2023\/11\/je-visite-je-vous-attends-13-724x1024.jpg 724w, https:\/\/sjbb.fr\/wp-content\/uploads\/2023\/11\/je-visite-je-vous-attends-13-212x300.jpg 212w, https:\/\/sjbb.fr\/wp-content\/uploads\/2023\/11\/je-visite-je-vous-attends-13-768x1086.jpg 768w, https:\/\/sjbb.fr\/wp-content\/uploads\/2023\/11\/je-visite-je-vous-attends-13-1086x1536.jpg 1086w, https:\/\/sjbb.fr\/wp-content\/uploads\/2023\/11\/je-visite-je-vous-attends-13-1448x2048.jpg 1448w, https:\/\/sjbb.fr\/wp-content\/uploads\/2023\/11\/je-visite-je-vous-attends-13-900x1273.jpg 900w, https:\/\/sjbb.fr\/wp-content\/uploads\/2023\/11\/je-visite-je-vous-attends-13-1280x1811.jpg 1280w, https:\/\/sjbb.fr\/wp-content\/uploads\/2023\/11\/je-visite-je-vous-attends-13-17x24.jpg 17w, https:\/\/sjbb.fr\/wp-content\/uploads\/2023\/11\/je-visite-je-vous-attends-13-25x36.jpg 25w, https:\/\/sjbb.fr\/wp-content\/uploads\/2023\/11\/je-visite-je-vous-attends-13-34x48.jpg 34w, https:\/\/sjbb.fr\/wp-content\/uploads\/2023\/11\/je-visite-je-vous-attends-13.jpg 1587w\" sizes=\"auto, (max-width: 724px) 100vw, 724px\" \/><\/a><\/figure>\n","protected":false},"excerpt":{"rendered":"<p>\u00ab Je visite un fr\u00e8re \u00bb, affich\u00e9 sur le poster du notre groupe \u00ab Les Visiteurs du Jourdain \u00bb. Voil\u00e0, c\u2019est effectivement ce que nous voulons faire. Pendant les deux confinements du Covid, notre paroisse a su r\u00e9agir et r\u00e9pondre aux besoins des paroissiens et des habitants de notre quartier en cr\u00e9ant le groupe \u00ab [&hellip;]<\/p>\n","protected":false},"author":11,"featured_media":17462,"parent":0,"menu_order":0,"comment_status":"closed","ping_status":"closed","template":"","meta":{"footnotes":""},"class_list":["post-17460","page","type-page","status-publish","has-post-thumbnail","hentry"],"jetpack_sharing_enabled":true,"_links":{"self":[{"href":"https:\/\/sjbb.fr\/index.php\/wp-json\/wp\/v2\/pages\/17460","targetHints":{"allow":["GET"]}}],"collection":[{"href":"https:\/\/sjbb.fr\/index.php\/wp-json\/wp\/v2\/pages"}],"about":[{"href":"https:\/\/sjbb.fr\/index.php\/wp-json\/wp\/v2\/types\/page"}],"author":[{"embeddable":true,"href":"https:\/\/sjbb.fr\/index.php\/wp-json\/wp\/v2\/users\/11"}],"replies":[{"embeddable":true,"href":"https:\/\/sjbb.fr\/index.php\/wp-json\/wp\/v2\/comments?post=17460"}],"version-history":[{"count":2,"href":"https:\/\/sjbb.fr\/index.php\/wp-json\/wp\/v2\/pages\/17460\/revisions"}],"predecessor-version":[{"id":17465,"href":"https:\/\/sjbb.fr\/index.php\/wp-json\/wp\/v2\/pages\/17460\/revisions\/17465"}],"wp:featuredmedia":[{"embeddable":true,"href":"https:\/\/sjbb.fr\/index.php\/wp-json\/wp\/v2\/media\/17462"}],"wp:attachment":[{"href":"https:\/\/sjbb.fr\/index.php\/wp-json\/wp\/v2\/media?parent=17460"}],"curies":[{"name":"wp","href":"https:\/\/api.w.org\/{rel}","templated":true}]}}

<p class="has-text-align-justify">« Je visite un frère », affiché sur le poster du notre groupe « Les Visiteurs du Jourdain ». Voilà, c’est effectivement ce que nous voulons faire.</p>



<p class="has-text-align-justify">Pendant les deux confinements du Covid, notre paroisse a su réagir et répondre aux besoins des paroissiens et des habitants de notre quartier en créant le groupe « Ange Gardien ». Beaucoup parmi nous ont répondu aux appels pour venir en aide à nos ainés et aussi à nos malades. Ainsi, nous vivons une vraie fraternité au sein de notre paroisse.</p>



<p class="has-text-align-justify">Aujourd’hui, nous ne sommes plus confinés, et pourtant, il y a toujours des personnes isolées, handicapées et malades qui attendent derrière les murs de leur appartement, notre présence.</p>



<p class="has-text-align-justify">La Pastorale de la Santé du diocèse de Paris a constaté, avant même la pandémie, que le monde médical vit une révolution. De plus en plus, le séjour à l’hôpital est écourté. Le parcours de soins se partage entre hôpital et domicile.</p>



<p class="has-text-align-justify">Il nous semble important qu’au sein de notre paroisse qui vit déjà la fraternité à travers différents groupes, de continuer à la vivre en mission en s’adaptant aux besoins réels de nos frères et de nos soeurs. Le groupe « Les Visiteurs du Jourdain » est dorénavant présent pour porter avec vous cette mission, tout en étant en étroite relation avec le groupe « Amitié Malade ». Ce sont des occasions où nous pouvons, au nom du Christ, nourrir notre relation aux autres.</p>



<p class="has-text-align-justify">Notre mission ne concerne pas uniquement l’annonce directe de l’Evangile. Elle est d’abord une présence gratuite et fraternelle, un service auprès de toutes les personnes isolées, handicapées, et malades de notre territoire paroissial, avec une attention spécifique à la santé, au retour d’hospitalisation et à la fin de vie à domicile ou dans un établissement de notre quartier. C’est la présence réelle de l’Eglise dans le monde.</p>



<p class="has-text-align-justify">« Le Christ n’a pas d’autre corps sur terre que le vôtre, ni d’autres mains que les vôtres, ni d’autres pieds que les vôtres. C’est par vos yeux que s’exprime la compassion du Christ pour le monde ; par vos pieds qu’Il s’en va faire le bien ; par vos mains qu’Il bénisse aujourd’hui l’humanité.» &#8212; Sainte Thérèse d’Avila.</p>



<p class="has-text-align-justify">Nous vous invitons donc chers frères et sœurs, à vivre cette fraternité missionnaire en étant attentifs autour de nous. Soyons les yeux compatissants du Christ pour notre quartier, soyons Ses pieds et Ses mains pour faire le bien et bénir notre prochain. N’hésitez pas à nous signaler un voisin de palier ou quelqu’un que vous connaissez qui a besoin de notre présence en téléphonant au <strong>01.42.08.54.54</strong> ou en envoyant un email à <a rel="noreferrer noopener" href="mailto:lesvisiteursdujourdain@gmail.com" target="_blank">lesvisiteursdujourdain@gmail.com</a>.</p>



<p class="has-text-align-justify">Et vous aussi, si vous souhaitez que nous venions vous rendre visite, contactez nous, nous viendrons avec joie !</p>



<p class="has-text-align-justify"><strong><em>Diana Fen-Chong</em></strong><br>Référent Santé, pour Les Visiteurs du Jourdain</p>



<figure class="wp-block-image size-large"><a href="https://sjbb.fr/wp-content/uploads/2023/11/je-visite-je-vous-attends-13.jpg"><img loading="lazy" decoding="async" width="724" height="1024" src="https://sjbb.fr/wp-content/uploads/2023/11/je-visite-je-vous-attends-13-724x1024.jpg" alt="" class="wp-image-17461" srcset="https://sjbb.fr/wp-content/uploads/2023/11/je-visite-je-vous-attends-13-724x1024.jpg 724w, https://sjbb.fr/wp-content/uploads/2023/11/je-visite-je-vous-attends-13-212x300.jpg 212w, https://sjbb.fr/wp-content/uploads/2023/11/je-visite-je-vous-attends-13-768x1086.jpg 768w, https://sjbb.fr/wp-content/uploads/2023/11/je-visite-je-vous-attends-13-1086x1536.jpg 1086w, https://sjbb.fr/wp-content/uploads/2023/11/je-visite-je-vous-attends-13-1448x2048.jpg 1448w, https://sjbb.fr/wp-content/uploads/2023/11/je-visite-je-vous-attends-13-900x1273.jpg 900w, https://sjbb.fr/wp-content/uploads/2023/11/je-visite-je-vous-attends-13-1280x1811.jpg 1280w, https://sjbb.fr/wp-content/uploads/2023/11/je-visite-je-vous-attends-13-17x24.jpg 17w, https://sjbb.fr/wp-content/uploads/2023/11/je-visite-je-vous-attends-13-25x36.jpg 25w, https://sjbb.fr/wp-content/uploads/2023/11/je-visite-je-vous-attends-13-34x48.jpg 34w, https://sjbb.fr/wp-content/uploads/2023/11/je-visite-je-vous-attends-13.jpg 1587w" sizes="auto, (max-width: 724px) 100vw, 724px" /></a></figure>

<p>« Je visite un frère », affiché sur le poster du notre groupe « Les Visiteurs du Jourdain ». Voilà, c’est effectivement ce que nous voulons faire. Pendant les deux confinements du Covid, notre paroisse a su réagir et répondre aux besoins des paroissiens et des habitants de notre quartier en créant le groupe « [&hellip;]</p>
