{"id":2103,"date":"2016-07-20T17:44:41","date_gmt":"2016-07-20T16:44:41","guid":{"rendered":"http:\/\/sjbb.fr\/?page_id=2103"},"modified":"2020-11-03T11:58:07","modified_gmt":"2020-11-03T10:58:07","slug":"le-mot-du-cure","status":"publish","type":"page","link":"https:\/\/sjbb.fr\/index.php\/le-mot-du-cure\/","title":{"rendered":"LE MOT DU CURE"},"content":{"rendered":"\n<div class=\"wp-block-columns is-layout-flex wp-container-core-columns-is-layout-9d6595d7 wp-block-columns-is-layout-flex\">\n<div class=\"wp-block-column is-layout-flow wp-block-column-is-layout-flow\">\n<figure class=\"wp-block-image size-large is-style-rounded\"><a href=\"https:\/\/sjbb.fr\/index.php\/lequipe-des-pretres-de-la-paroisse\/\"><img loading=\"lazy\" decoding=\"async\" width=\"1013\" height=\"1013\" src=\"https:\/\/sjbb.fr\/wp-content\/uploads\/2020\/10\/CONSEIL-PASTORAL-1.jpg\" alt=\"\" class=\"wp-image-7578\" srcset=\"https:\/\/sjbb.fr\/wp-content\/uploads\/2020\/10\/CONSEIL-PASTORAL-1.jpg 1013w, https:\/\/sjbb.fr\/wp-content\/uploads\/2020\/10\/CONSEIL-PASTORAL-1-300x300.jpg 300w, https:\/\/sjbb.fr\/wp-content\/uploads\/2020\/10\/CONSEIL-PASTORAL-1-150x150.jpg 150w, https:\/\/sjbb.fr\/wp-content\/uploads\/2020\/10\/CONSEIL-PASTORAL-1-768x768.jpg 768w, https:\/\/sjbb.fr\/wp-content\/uploads\/2020\/10\/CONSEIL-PASTORAL-1-700x700.jpg 700w, https:\/\/sjbb.fr\/wp-content\/uploads\/2020\/10\/CONSEIL-PASTORAL-1-144x144.jpg 144w, https:\/\/sjbb.fr\/wp-content\/uploads\/2020\/10\/CONSEIL-PASTORAL-1-88x88.jpg 88w, https:\/\/sjbb.fr\/wp-content\/uploads\/2020\/10\/CONSEIL-PASTORAL-1-900x900.jpg 900w, https:\/\/sjbb.fr\/wp-content\/uploads\/2020\/10\/CONSEIL-PASTORAL-1-24x24.jpg 24w, https:\/\/sjbb.fr\/wp-content\/uploads\/2020\/10\/CONSEIL-PASTORAL-1-36x36.jpg 36w, https:\/\/sjbb.fr\/wp-content\/uploads\/2020\/10\/CONSEIL-PASTORAL-1-48x48.jpg 48w\" sizes=\"auto, (max-width: 1013px) 100vw, 1013px\" \/><\/a><figcaption><strong><a href=\"https:\/\/sjbb.fr\/index.php\/lequipe-des-pretres-de-la-paroisse\/\">CONSEIL PASTORAL<\/a><\/strong><\/figcaption><\/figure>\n<\/div>\n\n\n\n<div class=\"wp-block-column is-layout-flow wp-block-column-is-layout-flow\">\n<figure class=\"wp-block-image size-large is-style-rounded\"><a href=\"https:\/\/sjbb.fr\/index.php\/plan-du-quartier\/\"><img loading=\"lazy\" decoding=\"async\" width=\"1013\" height=\"1013\" src=\"https:\/\/sjbb.fr\/wp-content\/uploads\/2016\/07\/plan-du-quartier.jpg\" alt=\"\" class=\"wp-image-4299\" srcset=\"https:\/\/sjbb.fr\/wp-content\/uploads\/2016\/07\/plan-du-quartier.jpg 1013w, https:\/\/sjbb.fr\/wp-content\/uploads\/2016\/07\/plan-du-quartier-150x150.jpg 150w, https:\/\/sjbb.fr\/wp-content\/uploads\/2016\/07\/plan-du-quartier-300x300.jpg 300w, https:\/\/sjbb.fr\/wp-content\/uploads\/2016\/07\/plan-du-quartier-768x768.jpg 768w, https:\/\/sjbb.fr\/wp-content\/uploads\/2016\/07\/plan-du-quartier-88x88.jpg 88w, https:\/\/sjbb.fr\/wp-content\/uploads\/2016\/07\/plan-du-quartier-900x900.jpg 900w\" sizes=\"auto, (max-width: 1013px) 100vw, 1013px\" \/><\/a><figcaption><strong><a href=\"https:\/\/sjbb.fr\/index.php\/plan-du-quartier\/\">PLAN<\/a><\/strong><\/figcaption><\/figure>\n<\/div>\n<\/div>\n\n\n\n<p class=\"has-drop-cap\"><strong>V<\/strong>ous venez d\u2019entrer sur notre site paroissial. Vous d\u00e9couvrez notre paroisse catholique de <a href=\"http:\/\/sjbb.fr\/index.php\/feuille-paroissiale\/\">st Jean\u2013Baptiste de Belleville<\/a>. Qui que vous soyez, nous vous <em>souhaitons<\/em> la bienvenue. Puissiez-vous, vous y sentir chez vous.<\/p>\n\n\n\n<p>Nous sommes heureux de vous faire d\u00e9couvrir la diversit\u00e9 de nos propositions spirituelles et paroissiales. Nous vous souhaitons de venir d\u00e9couvrir et admirer, ce bel \u00e9difice&nbsp;n\u00e9ogothique mais au-del\u00e0 des pierres, c\u2019est toute une communaut\u00e9 catholique qui vous accueille.<\/p>\n\n\n\n<p>Vous trouverez sur notre site un certains nombres de renseignements concernant la vie de la&nbsp;paroisse&nbsp;: La vie liturgique, la pr\u00e9paration aux sacrements, le cat\u00e9chisme et l\u2019aum\u00f4nerie, le&nbsp;service de la charit\u00e9 aupr\u00e8s des personnes isol\u00e9es et fragiles\u2026 autant d\u2019activit\u00e9s qui permettent&nbsp;de constituer une communaut\u00e9 vivante, priante et agissante.<\/p>\n\n\n\n<div class=\"wp-block-image\"><figure class=\"alignleft size-full\"><a href=\"http:\/\/sjbb.fr\/wp-content\/uploads\/2015\/11\/P\u00e8re-St\u00e9phane-ESCLEF.jpg\"><img loading=\"lazy\" decoding=\"async\" width=\"174\" height=\"234\" src=\"https:\/\/sjbb.fr\/wp-content\/uploads\/2020\/05\/maheas.jpg\" alt=\"\" class=\"wp-image-7220\" srcset=\"https:\/\/sjbb.fr\/wp-content\/uploads\/2020\/05\/maheas.jpg 174w, https:\/\/sjbb.fr\/wp-content\/uploads\/2020\/05\/maheas-18x24.jpg 18w, https:\/\/sjbb.fr\/wp-content\/uploads\/2020\/05\/maheas-27x36.jpg 27w, https:\/\/sjbb.fr\/wp-content\/uploads\/2020\/05\/maheas-36x48.jpg 36w\" sizes=\"auto, (max-width: 174px) 100vw, 174px\" \/><\/a><\/figure><\/div>\n\n\n\n<p>De venir et de voir ce que nous vivons. De rencontrer ceux qui, jours apr\u00e8s jours, font de ce lieu,&nbsp;un lieu chaleureux, paisible et priant au c\u0153ur de notre quartier de Belleville.<\/p>\n\n\n\n<p>Aux deux disciples qui lui demandent&nbsp;: \u00ab&nbsp;Ma\u00eetre, o\u00f9 demeures-tu&nbsp;?&nbsp;\u00bb, J\u00e9sus r\u00e9pond&nbsp;: \u00ab&nbsp; venez et&nbsp;voyez&nbsp;\u00bb (Jn 1,39). C\u2019est la m\u00eame chose que je vous invite \u00e0 faire.<\/p>\n\n\n\n<p>Si vous avez des questions, posez-les. Renseignez-vous. Vous trouverez toujours quelqu\u2019un qui&nbsp;vous aidera.<\/p>\n\n\n\n<p>Que la joie vous habite et si le c\u0153ur vous en dit n\u2019h\u00e9sitez pas \u00e0 venir nous retrouver. Que chacun&nbsp;soit le bienvenu.<\/p>\n\n\n\n<p class=\"has-text-align-right\"><em>P\u00e8re <\/em>Christian Maheas<\/p>\n\n\n\n<audio class=\"wp-audio-shortcode\" id=\"audio-2103-1\" autoplay preload=\"none\" style=\"width: 100%;\" controls=\"controls\"><source type=\"audio\/mpeg\" src=\"http:\/\/sjbb.fr\/wp-content\/uploads\/2016\/02\/O-Maria-Mater-25H6hyGuG61.mp3?_=1\" \/><a href=\"http:\/\/sjbb.fr\/wp-content\/uploads\/2016\/02\/O-Maria-Mater-25H6hyGuG61.mp3\">http:\/\/sjbb.fr\/wp-content\/uploads\/2016\/02\/O-Maria-Mater-25H6hyGuG61.mp3<\/a><\/audio>\n","protected":false},"excerpt":{"rendered":"<p>Vous venez d\u2019entrer sur notre site paroissial. Vous d\u00e9couvrez notre paroisse catholique de st Jean\u2013Baptiste de Belleville. Qui que vous soyez, nous vous souhaitons la bienvenue. Puissiez-vous, vous y sentir chez vous. Nous sommes heureux de vous faire d\u00e9couvrir la diversit\u00e9 de nos propositions spirituelles et paroissiales. Nous vous souhaitons de venir d\u00e9couvrir et admirer, [&hellip;]<\/p>\n","protected":false},"author":11,"featured_media":0,"parent":0,"menu_order":0,"comment_status":"closed","ping_status":"closed","template":"","meta":{"footnotes":""},"class_list":["post-2103","page","type-page","status-publish","hentry"],"jetpack_sharing_enabled":true,"_links":{"self":[{"href":"https:\/\/sjbb.fr\/index.php\/wp-json\/wp\/v2\/pages\/2103","targetHints":{"allow":["GET"]}}],"collection":[{"href":"https:\/\/sjbb.fr\/index.php\/wp-json\/wp\/v2\/pages"}],"about":[{"href":"https:\/\/sjbb.fr\/index.php\/wp-json\/wp\/v2\/types\/page"}],"author":[{"embeddable":true,"href":"https:\/\/sjbb.fr\/index.php\/wp-json\/wp\/v2\/users\/11"}],"replies":[{"embeddable":true,"href":"https:\/\/sjbb.fr\/index.php\/wp-json\/wp\/v2\/comments?post=2103"}],"version-history":[{"count":0,"href":"https:\/\/sjbb.fr\/index.php\/wp-json\/wp\/v2\/pages\/2103\/revisions"}],"wp:attachment":[{"href":"https:\/\/sjbb.fr\/index.php\/wp-json\/wp\/v2\/media?parent=2103"}],"curies":[{"name":"wp","href":"https:\/\/api.w.org\/{rel}","templated":true}]}}