{"id":220,"date":"2022-09-15T06:00:00","date_gmt":"2022-09-15T05:00:00","guid":{"rendered":"http:\/\/sjbb.fr\/?page_id=220"},"modified":"2025-10-16T14:10:45","modified_gmt":"2025-10-16T13:10:45","slug":"aumonerie-de-belleville","status":"publish","type":"page","link":"https:\/\/sjbb.fr\/index.php\/aumonerie-de-belleville\/","title":{"rendered":"AUM\u00d4NERIE DE BELLEVILLE"},"content":{"rendered":"\n<p><\/p>\n\n\n\n<p class=\"has-text-align-center has-vivid-red-color has-text-color has-background\" style=\"background-color:#d3ad05\"><strong>Contact&nbsp;: P\u00e8re Bruno de Mas Latrie :&nbsp; 01 42 08 54 54<br><\/strong>mail : aumoneriesjbb@gmail.com<\/p>\n\n\n\n<p class=\"has-text-align-left\">Les coll\u00e9giens et lyc\u00e9ens de Belleville se r\u00e9unissent une fois par semaine au 8 rue de Palestine. Ils lisent ensemble l&rsquo;\u00c9criture sainte et discutent des diff\u00e9rentes dimensions de leur vie pour se laisser \u00e9clairer par l&rsquo;\u00c9vangile de J\u00e9sus Christ. Les adolescents peuvent aussi se pr\u00e9parer aux diff\u00e9rents sacrements et \u00e9tapes de la vie chr\u00e9tienne&nbsp;: le bapt\u00eame, la premi\u00e8re communion au Corps de J\u00e9sus Christ, la profession de foi et la confirmation. En plus de cela des \u00e9v\u00e9nements marquants encadrent l&rsquo;ann\u00e9e: le Weekend de rentr\u00e9e, Taiz\u00e9, Rome, le FRAT \u00e0 Lourdes&#8230;<\/p>\n\n\n\n<div data-wp-interactive=\"core\/file\" class=\"wp-block-file\"><object data-wp-bind--hidden=\"!state.hasPdfPreview\" hidden class=\"wp-block-file__embed\" data=\"https:\/\/sjbb.fr\/wp-content\/uploads\/2025\/10\/OSJBB-2025-2026-Dates-frigo.pdf\" type=\"application\/pdf\" style=\"width:100%;height:600px\" aria-label=\"Contenu embarqu\u00e9 \u00d4SJBB 2025-2026 Dates frigo.\"><\/object><a id=\"wp-block-file--media-73d4becc-5358-465d-86fe-1669eb9a9464\" href=\"https:\/\/sjbb.fr\/wp-content\/uploads\/2025\/10\/OSJBB-2025-2026-Dates-frigo.pdf\">\u00d4SJBB 2025-2026 Dates frigo<\/a><a href=\"https:\/\/sjbb.fr\/wp-content\/uploads\/2025\/10\/OSJBB-2025-2026-Dates-frigo.pdf\" class=\"wp-block-file__button wp-element-button\" download aria-describedby=\"wp-block-file--media-73d4becc-5358-465d-86fe-1669eb9a9464\">T\u00e9l\u00e9charger<\/a><\/div>\n\n\n\n\n<div class=\"wpcf7 no-js\" id=\"wpcf7-f4394-o1\" lang=\"fr-FR\" dir=\"ltr\" data-wpcf7-id=\"4394\">\n<div class=\"screen-reader-response\"><p role=\"status\" aria-live=\"polite\" aria-atomic=\"true\"><\/p> <ul><\/ul><\/div>\n<form action=\"\/index.php\/wp-json\/wp\/v2\/pages\/220#wpcf7-f4394-o1\" method=\"post\" class=\"wpcf7-form init\" aria-label=\"Formulaire de contact\" novalidate=\"novalidate\" data-status=\"init\">\n<fieldset class=\"hidden-fields-container\"><input type=\"hidden\" name=\"_wpcf7\" value=\"4394\" \/><input type=\"hidden\" name=\"_wpcf7_version\" value=\"6.1.5\" \/><input type=\"hidden\" name=\"_wpcf7_locale\" value=\"fr_FR\" \/><input type=\"hidden\" name=\"_wpcf7_unit_tag\" value=\"wpcf7-f4394-o1\" \/><input type=\"hidden\" name=\"_wpcf7_container_post\" value=\"0\" \/><input type=\"hidden\" name=\"_wpcf7_posted_data_hash\" value=\"\" \/>\n<\/fieldset>\n<p><label> Votre nom (obligatoire)<br \/>\n<span class=\"wpcf7-form-control-wrap\" data-name=\"your-name\"><input size=\"40\" maxlength=\"400\" class=\"wpcf7-form-control wpcf7-text wpcf7-validates-as-required\" aria-required=\"true\" aria-invalid=\"false\" value=\"\" type=\"text\" name=\"your-name\" \/><\/span> <\/label><br \/>\n<label> Votre adresse de messagerie (obligatoire)<br \/>\n<span class=\"wpcf7-form-control-wrap\" data-name=\"your-email\"><input size=\"40\" maxlength=\"400\" class=\"wpcf7-form-control wpcf7-email wpcf7-validates-as-required wpcf7-text wpcf7-validates-as-email\" aria-required=\"true\" aria-invalid=\"false\" value=\"\" type=\"email\" name=\"your-email\" \/><\/span> <\/label><br \/>\n<label> Objet : <span class=\"wpcf7-form-control-wrap\" data-name=\"Objet\"><select class=\"wpcf7-form-control wpcf7-select jeune\" id=\"votre_sujet\" aria-invalid=\"false\" name=\"Objet\"><option value=\"\u00d4 du Jourdain\">\u00d4 du Jourdain<\/option><\/select><\/span><\/label><br \/>\n<label> Votre message<br \/>\n<span class=\"wpcf7-form-control-wrap\" data-name=\"your-message\"><textarea cols=\"40\" rows=\"10\" maxlength=\"2000\" class=\"wpcf7-form-control wpcf7-textarea\" aria-invalid=\"false\" name=\"your-message\"><\/textarea><\/span> <\/label><br \/>\n<input class=\"wpcf7-form-control wpcf7-submit has-spinner\" type=\"submit\" value=\"Envoyer\" \/>\n<\/p><div class=\"wpcf7-response-output\" aria-hidden=\"true\"><\/div>\n<\/form>\n<\/div>\n\n\n\n\n<figure class=\"wp-block-image\"><img loading=\"lazy\" decoding=\"async\" width=\"641\" height=\"232\" src=\"http:\/\/sjbb.fr\/wp-content\/uploads\/2019\/06\/Protection-des-donn\u00e9es.jpg\" alt=\"\" class=\"wp-image-5982\" srcset=\"https:\/\/sjbb.fr\/wp-content\/uploads\/2019\/06\/Protection-des-donn\u00e9es.jpg 641w, https:\/\/sjbb.fr\/wp-content\/uploads\/2019\/06\/Protection-des-donn\u00e9es-300x109.jpg 300w, https:\/\/sjbb.fr\/wp-content\/uploads\/2019\/06\/Protection-des-donn\u00e9es-24x9.jpg 24w, https:\/\/sjbb.fr\/wp-content\/uploads\/2019\/06\/Protection-des-donn\u00e9es-36x13.jpg 36w, https:\/\/sjbb.fr\/wp-content\/uploads\/2019\/06\/Protection-des-donn\u00e9es-48x17.jpg 48w\" sizes=\"auto, (max-width: 641px) 100vw, 641px\" \/><\/figure>\n\n\n\n<p><strong>LES SACREMENTS<br><em>NB<\/em><\/strong> : les coll\u00e9giens ou lyc\u00e9ens qui souhaitent <strong><em>se pr\u00e9parer \u00e0 recevoir un sacrement<\/em><\/strong> (bapt\u00eame, premi\u00e8re communion, profession de foi ou confirmation) sont invit\u00e9s \u00e0 s\u2019inscrire \u00e0 la s\u00e9ance de l\u2019aum\u00f4nerie qui correspond \u00e0 leur \u00e2ge et \u00e0 en parler avec l\u2019aum\u00f4nier.<\/p>\n\n\n\n<div data-wp-interactive=\"core\/file\" class=\"wp-block-file\"><object data-wp-bind--hidden=\"!state.hasPdfPreview\" hidden class=\"wp-block-file__embed\" data=\"https:\/\/sjbb.fr\/wp-content\/uploads\/2025\/10\/OSJBB-2025-2026-dates-sacrements-A5.pdf\" type=\"application\/pdf\" style=\"width:100%;height:600px\" aria-label=\"Contenu embarqu\u00e9 \u00d4SJBB 2025-2026 dates sacrements - A5.\"><\/object><a id=\"wp-block-file--media-973907a6-4360-4669-93a8-59e1cfc36c66\" href=\"https:\/\/sjbb.fr\/wp-content\/uploads\/2025\/10\/OSJBB-2025-2026-dates-sacrements-A5.pdf\">\u00d4SJBB 2025-2026 dates sacrements &#8211; A5<\/a><a href=\"https:\/\/sjbb.fr\/wp-content\/uploads\/2025\/10\/OSJBB-2025-2026-dates-sacrements-A5.pdf\" class=\"wp-block-file__button wp-element-button\" download aria-describedby=\"wp-block-file--media-973907a6-4360-4669-93a8-59e1cfc36c66\">T\u00e9l\u00e9charger<\/a><\/div>\n","protected":false},"excerpt":{"rendered":"<p>Contact&nbsp;: P\u00e8re Bruno de Mas Latrie :&nbsp; 01 42 08 54 54mail : aumoneriesjbb@gmail.com Les coll\u00e9giens et lyc\u00e9ens de Belleville se r\u00e9unissent une fois par semaine au 8 rue de Palestine. Ils lisent ensemble l&rsquo;\u00c9criture sainte et discutent des diff\u00e9rentes dimensions de leur vie pour se laisser \u00e9clairer par l&rsquo;\u00c9vangile de J\u00e9sus Christ. Les adolescents [&hellip;]<\/p>\n","protected":false},"author":17,"featured_media":18918,"parent":0,"menu_order":0,"comment_status":"closed","ping_status":"closed","template":"","meta":{"footnotes":""},"class_list":["post-220","page","type-page","status-publish","has-post-thumbnail","hentry"],"jetpack_sharing_enabled":true,"_links":{"self":[{"href":"https:\/\/sjbb.fr\/index.php\/wp-json\/wp\/v2\/pages\/220","targetHints":{"allow":["GET"]}}],"collection":[{"href":"https:\/\/sjbb.fr\/index.php\/wp-json\/wp\/v2\/pages"}],"about":[{"href":"https:\/\/sjbb.fr\/index.php\/wp-json\/wp\/v2\/types\/page"}],"author":[{"embeddable":true,"href":"https:\/\/sjbb.fr\/index.php\/wp-json\/wp\/v2\/users\/17"}],"replies":[{"embeddable":true,"href":"https:\/\/sjbb.fr\/index.php\/wp-json\/wp\/v2\/comments?post=220"}],"version-history":[{"count":4,"href":"https:\/\/sjbb.fr\/index.php\/wp-json\/wp\/v2\/pages\/220\/revisions"}],"predecessor-version":[{"id":19005,"href":"https:\/\/sjbb.fr\/index.php\/wp-json\/wp\/v2\/pages\/220\/revisions\/19005"}],"wp:featuredmedia":[{"embeddable":true,"href":"https:\/\/sjbb.fr\/index.php\/wp-json\/wp\/v2\/media\/18918"}],"wp:attachment":[{"href":"https:\/\/sjbb.fr\/index.php\/wp-json\/wp\/v2\/media?parent=220"}],"curies":[{"name":"wp","href":"https:\/\/api.w.org\/{rel}","templated":true}]}}