{"id":224,"date":"2015-11-05T22:45:58","date_gmt":"2015-11-05T21:45:58","guid":{"rendered":"http:\/\/sjbb.fr\/?page_id=224"},"modified":"2021-04-09T14:36:39","modified_gmt":"2021-04-09T13:36:39","slug":"servants-dautel-servantes-de-lassemblee","status":"publish","type":"page","link":"https:\/\/sjbb.fr\/index.php\/servants-dautel-servantes-de-lassemblee\/","title":{"rendered":"SERVANTS D&rsquo;AUTEL \/ SERVANTES DE L\u2019ASSEMBL\u00c9E"},"content":{"rendered":"<h4><span class=\"mw-headline\"><a href=\"http:\/\/sjbb.fr\/wp-content\/uploads\/2015\/11\/IOQBYLoRIuE-ggDChmj-oUVZik52ZKBl2PLWYyGsc8.jpg\" rel=\"attachment wp-att-24\"><img loading=\"lazy\" decoding=\"async\" class=\"size-medium wp-image-24 alignleft\" src=\"http:\/\/sjbb.fr\/wp-content\/uploads\/2015\/11\/IOQBYLoRIuE-ggDChmj-oUVZik52ZKBl2PLWYyGsc8-300x200.jpg\" alt=\"IOQBYLoRIuE--ggDChmj-oUVZik52ZKBl2PLWYyGsc8\" width=\"300\" height=\"200\"><\/a><\/span>Servants d&rsquo;autel<\/h4>\n<p style=\"text-align: justify;\">Les jeunes gar\u00e7ons peuvent rejoindre le groupe des servants d&rsquo;autel et participer \u00e0 la liturgie de la messe dominicale et des jours de f\u00eates. Le groupe se retrouve r\u00e9guli\u00e8rement dans l&rsquo;ann\u00e9e le dimanche pour un d\u00e9jeuner, un temps de r\u00e9flexion et de jeu.<\/p>\n<h4>Servantes de l&rsquo;assembl\u00e9e<span class=\"mw-headline\"><a href=\"http:\/\/sjbb.fr\/wp-content\/uploads\/2015\/11\/lfROe1lOTgxCq4rMhuGOHQ4JUPeF4hing5B-zKEQHKIAA51oELcxOf_HBwd5dimaoskUbN5CLT1dyw6iLg2EsI.jpg\" rel=\"attachment wp-att-27\"><img loading=\"lazy\" decoding=\"async\" class=\" wp-image-27 alignright\" src=\"http:\/\/sjbb.fr\/wp-content\/uploads\/2015\/11\/lfROe1lOTgxCq4rMhuGOHQ4JUPeF4hing5B-zKEQHKIAA51oELcxOf_HBwd5dimaoskUbN5CLT1dyw6iLg2EsI-199x300.jpg\" alt=\"lfROe1lOTgxCq4rMhuGOHQ4JUPeF4hing5B-zKEQHKI,AA51oELcxOf_HBwd5dimaoskUbN5CLT1dyw6iLg2EsI\" width=\"166\" height=\"244\"><\/a><\/span><\/h4>\n<p style=\"text-align: justify;\">Les jeunes filles&nbsp; peuvent rejoindre le groupe \u00ab\u00a0Magnificat\u00a0\u00bb et participer \u00e0 la liturgie de la messe dominicale et des jours de f\u00eates. Le groupe se retrouve r\u00e9guli\u00e8rement dans l&rsquo;ann\u00e9e le dimanche pour un d\u00e9jeuner, un temps de r\u00e9flexion et de jeu.<\/p>\n<p style=\"text-align: center;\"><\/p>\n\n\n<div class=\"wpcf7 no-js\" id=\"wpcf7-f4752-o1\" lang=\"fr-FR\" dir=\"ltr\" data-wpcf7-id=\"4752\">\n<div class=\"screen-reader-response\"><p role=\"status\" aria-live=\"polite\" aria-atomic=\"true\"><\/p> <ul><\/ul><\/div>\n<form action=\"\/index.php\/wp-json\/wp\/v2\/pages\/224#wpcf7-f4752-o1\" method=\"post\" class=\"wpcf7-form init\" aria-label=\"Formulaire de contact\" novalidate=\"novalidate\" data-status=\"init\">\n<fieldset class=\"hidden-fields-container\"><input type=\"hidden\" name=\"_wpcf7\" value=\"4752\" \/><input type=\"hidden\" name=\"_wpcf7_version\" value=\"6.1.5\" \/><input type=\"hidden\" name=\"_wpcf7_locale\" value=\"fr_FR\" \/><input type=\"hidden\" name=\"_wpcf7_unit_tag\" value=\"wpcf7-f4752-o1\" \/><input type=\"hidden\" name=\"_wpcf7_container_post\" value=\"0\" \/><input type=\"hidden\" name=\"_wpcf7_posted_data_hash\" value=\"\" \/>\n<\/fieldset>\n<p><label> Votre nom (obligatoire)<br \/>\n<span class=\"wpcf7-form-control-wrap\" data-name=\"your-name\"><input size=\"40\" maxlength=\"400\" class=\"wpcf7-form-control wpcf7-text wpcf7-validates-as-required\" aria-required=\"true\" aria-invalid=\"false\" value=\"\" type=\"text\" name=\"your-name\" \/><\/span> <\/label><br \/>\n<label> Votre adresse de messagerie (obligatoire)<br \/>\n<span class=\"wpcf7-form-control-wrap\" data-name=\"your-email\"><input size=\"40\" maxlength=\"400\" class=\"wpcf7-form-control wpcf7-email wpcf7-validates-as-required wpcf7-text wpcf7-validates-as-email\" aria-required=\"true\" aria-invalid=\"false\" value=\"\" type=\"email\" name=\"your-email\" \/><\/span> <\/label><br \/>\n<label> objet (obligatoire) :<br \/>\n<span class=\"wpcf7-form-control-wrap\" data-name=\"votre_sujet\"><select class=\"wpcf7-form-control wpcf7-select wpcf7-validates-as-required\" aria-required=\"true\" aria-invalid=\"false\" name=\"votre_sujet\"><option value=\"Servant d&#039;autel\">Servant d&#039;autel<\/option><option value=\"Servante d&#039;assembl\u00e9e\">Servante d&#039;assembl\u00e9e<\/option><\/select><\/span> <\/label><br \/>\n<label> Votre message<br \/>\n<span class=\"wpcf7-form-control-wrap\" data-name=\"your-message\"><textarea cols=\"40\" rows=\"10\" maxlength=\"2000\" class=\"wpcf7-form-control wpcf7-textarea\" aria-invalid=\"false\" name=\"your-message\"><\/textarea><\/span> <\/label><br \/>\n<input class=\"wpcf7-form-control wpcf7-submit has-spinner\" type=\"submit\" value=\"Envoyer\" \/>\n<\/p><div class=\"wpcf7-response-output\" aria-hidden=\"true\"><\/div>\n<\/form>\n<\/div>\n\n\n\n\n<figure class=\"wp-block-image\"><img loading=\"lazy\" decoding=\"async\" width=\"641\" height=\"232\" src=\"http:\/\/sjbb.fr\/wp-content\/uploads\/2019\/06\/Protection-des-donn\u00e9es.jpg\" alt=\"\" class=\"wp-image-5982\" srcset=\"https:\/\/sjbb.fr\/wp-content\/uploads\/2019\/06\/Protection-des-donn\u00e9es.jpg 641w, https:\/\/sjbb.fr\/wp-content\/uploads\/2019\/06\/Protection-des-donn\u00e9es-300x109.jpg 300w, https:\/\/sjbb.fr\/wp-content\/uploads\/2019\/06\/Protection-des-donn\u00e9es-24x9.jpg 24w, https:\/\/sjbb.fr\/wp-content\/uploads\/2019\/06\/Protection-des-donn\u00e9es-36x13.jpg 36w, https:\/\/sjbb.fr\/wp-content\/uploads\/2019\/06\/Protection-des-donn\u00e9es-48x17.jpg 48w\" sizes=\"auto, (max-width: 641px) 100vw, 641px\" \/><\/figure>\n","protected":false},"excerpt":{"rendered":"<p>Servants d&rsquo;autel Les jeunes gar\u00e7ons peuvent rejoindre le groupe des servants d&rsquo;autel et participer \u00e0 la liturgie de la messe dominicale et des jours de f\u00eates. Le groupe se retrouve r\u00e9guli\u00e8rement dans l&rsquo;ann\u00e9e le dimanche pour un d\u00e9jeuner, un temps de r\u00e9flexion et de jeu. Servantes de l&rsquo;assembl\u00e9e Les jeunes filles&nbsp; peuvent rejoindre le groupe [&hellip;]<\/p>\n","protected":false},"author":1,"featured_media":0,"parent":0,"menu_order":0,"comment_status":"closed","ping_status":"closed","template":"","meta":{"footnotes":""},"class_list":["post-224","page","type-page","status-publish","hentry"],"jetpack_sharing_enabled":true,"_links":{"self":[{"href":"https:\/\/sjbb.fr\/index.php\/wp-json\/wp\/v2\/pages\/224","targetHints":{"allow":["GET"]}}],"collection":[{"href":"https:\/\/sjbb.fr\/index.php\/wp-json\/wp\/v2\/pages"}],"about":[{"href":"https:\/\/sjbb.fr\/index.php\/wp-json\/wp\/v2\/types\/page"}],"author":[{"embeddable":true,"href":"https:\/\/sjbb.fr\/index.php\/wp-json\/wp\/v2\/users\/1"}],"replies":[{"embeddable":true,"href":"https:\/\/sjbb.fr\/index.php\/wp-json\/wp\/v2\/comments?post=224"}],"version-history":[{"count":0,"href":"https:\/\/sjbb.fr\/index.php\/wp-json\/wp\/v2\/pages\/224\/revisions"}],"wp:attachment":[{"href":"https:\/\/sjbb.fr\/index.php\/wp-json\/wp\/v2\/media?parent=224"}],"curies":[{"name":"wp","href":"https:\/\/api.w.org\/{rel}","templated":true}]}}