{"id":334,"date":"2015-12-15T19:10:59","date_gmt":"2015-12-15T18:10:59","guid":{"rendered":"http:\/\/sjbb.fr\/?page_id=334"},"modified":"2025-09-25T10:21:17","modified_gmt":"2025-09-25T09:21:17","slug":"la-confirmation","status":"publish","type":"page","link":"https:\/\/sjbb.fr\/index.php\/la-confirmation\/","title":{"rendered":"LA CONFIRMATION"},"content":{"rendered":"\n<h3 class=\"wp-block-heading\"><span style=\"color: #ff0000;\">CONFIRMATION ADULTES<\/span><\/h3>\n\n\n\n<hr class=\"wp-block-separator has-alpha-channel-opacity\"\/>\n\n\n\n<p>Vous \u00eates adulte et n&rsquo;avez encore jamais re\u00e7u le sacrement de la <strong>confirmation <\/strong>(dernier sacrement de l&rsquo;initiation chr\u00e9tienne), il n&rsquo;est pas trop tard !<\/p>\n\n\n\n<p>Chaque ann\u00e9e une dizaine d&rsquo;adultes se pr\u00e9parent \u00e0 recevoir ce sacrement, pour accueillir pleinement l&rsquo;Esprit Saint dans leur vie. N&rsquo;h\u00e9sitez pas \u00e0 vous adresser au p\u00e8re Th\u00e9ophile pour plus d&rsquo;informations (th.delaronde@gmail.com).<\/p>\n\n\n\n<hr class=\"wp-block-separator has-alpha-channel-opacity\"\/>\n\n\n\n<h3 class=\"wp-block-heading\"><span style=\"text-decoration: underline; color: #ff0048;\"><strong>Premi\u00e8re rencontre<\/strong><\/span> \u00e0 venir<span style=\"text-decoration: underline; color: #ff0048;\"><strong><br><\/strong><\/span><\/h3>\n\n\n\n<ul class=\"wp-block-list\">\n<li>Pour parler de votre d\u00e9sir de cheminer vers la confirmation, nous vous proposons de vous pr\u00e9senter \u00e0 l\u2019accueil pour en parler avec un pr\u00eatre de la paroisse. Vous pouvez aussi envoyer un message via le formulaire ci-dessous<\/li>\n<\/ul>\n\n\n\n<ul class=\"wp-block-list\">\n<li>Un temps fort en abbaye avec les cat\u00e9chum\u00e8nes de la paroisse aura lieu en mars 2023.\u00a0<\/li>\n\n\n\n<li>La confirmation aura lieu \u00e0 St Sulpice lors de la vigile de Pentec\u00f4te 2023.\u00a0<\/li>\n\n\n\n<li>Le groupe est accompagn\u00e9 par Pauline et le p\u00e8re Th\u00e9ophile.<\/li>\n<\/ul>\n\n\n\n<h3 class=\"wp-block-heading\"><span style=\"color: #ff0048;\"><span style=\"text-decoration: underline;\">Pour les adolescents<\/span><\/span><\/h3>\n\n\n\n<p>La confirmation est propos\u00e9e aux adolescents \u00e0 partir de la cinqui\u00e8me.<\/p>\n\n\n\n<p><span style=\"color: #800000;\">Les adolescents <\/span>la pr\u00e9parent \u00e0 l\u2019aum\u00f4nerie.\u00a0<\/p>\n\n\n\n<h3 class=\"wp-block-heading\"><strong><span style=\"color: #ff0000;\"><span style=\"text-decoration: underline;\">Contact et inscription<\/span>&nbsp;<\/span> <\/strong><\/h3>\n\n\n\n\n<div class=\"wpcf7 no-js\" id=\"wpcf7-f4953-o1\" lang=\"fr-FR\" dir=\"ltr\" data-wpcf7-id=\"4953\">\n<div class=\"screen-reader-response\"><p role=\"status\" aria-live=\"polite\" aria-atomic=\"true\"><\/p> <ul><\/ul><\/div>\n<form action=\"\/index.php\/wp-json\/wp\/v2\/pages\/334#wpcf7-f4953-o1\" method=\"post\" class=\"wpcf7-form init\" aria-label=\"Formulaire de contact\" novalidate=\"novalidate\" data-status=\"init\">\n<fieldset class=\"hidden-fields-container\"><input type=\"hidden\" name=\"_wpcf7\" value=\"4953\" \/><input type=\"hidden\" name=\"_wpcf7_version\" value=\"6.1.5\" \/><input type=\"hidden\" name=\"_wpcf7_locale\" value=\"fr_FR\" \/><input type=\"hidden\" name=\"_wpcf7_unit_tag\" value=\"wpcf7-f4953-o1\" \/><input type=\"hidden\" name=\"_wpcf7_container_post\" value=\"0\" \/><input type=\"hidden\" name=\"_wpcf7_posted_data_hash\" value=\"\" \/>\n<\/fieldset>\n<p><label> Votre nom (obligatoire)<br \/>\n<span class=\"wpcf7-form-control-wrap\" data-name=\"your-name\"><input size=\"40\" maxlength=\"400\" class=\"wpcf7-form-control wpcf7-text wpcf7-validates-as-required\" aria-required=\"true\" aria-invalid=\"false\" value=\"\" type=\"text\" name=\"your-name\" \/><\/span> <\/label><br \/>\n<label> Votre adresse de messagerie (obligatoire)<br \/>\n<span class=\"wpcf7-form-control-wrap\" data-name=\"your-email\"><input size=\"40\" maxlength=\"400\" class=\"wpcf7-form-control wpcf7-email wpcf7-validates-as-required wpcf7-text wpcf7-validates-as-email\" aria-required=\"true\" aria-invalid=\"false\" value=\"\" type=\"email\" name=\"your-email\" \/><\/span> <\/label><br \/>\n<label> Objet : <span class=\"wpcf7-form-control-wrap\" data-name=\"Objet\"><select class=\"wpcf7-form-control wpcf7-select jeune\" id=\"votre_sujet\" aria-invalid=\"false\" name=\"Objet\"><option value=\"Confirmation adultes\">Confirmation adultes<\/option><\/select><\/span><\/label><br \/>\n<label> Votre message<br \/>\n<span class=\"wpcf7-form-control-wrap\" data-name=\"your-message\"><textarea cols=\"40\" rows=\"10\" maxlength=\"2000\" class=\"wpcf7-form-control wpcf7-textarea\" aria-invalid=\"false\" name=\"your-message\"><\/textarea><\/span> <\/label><br \/>\n[recaptcha id:steph class:jeune]<br \/>\n<input class=\"wpcf7-form-control wpcf7-submit has-spinner\" type=\"submit\" value=\"Envoyer\" \/>\n<\/p><div class=\"wpcf7-response-output\" aria-hidden=\"true\"><\/div>\n<\/form>\n<\/div>\n\n\n\n\n<p>Vid\u00e9os de Mgr Renaud de Dinechin, \u00e9v\u00eaque de Soissons, sur le sacrement de la confirmation.<\/p>\n\n\n\n<p><span class=\"embed-youtube\"><iframe loading=\"lazy\" class=\"youtube-player\" src=\"https:\/\/www.youtube.com\/embed\/4odkqU7196Y?version=3&amp;rel=1&amp;fs=1&amp;autohide=2&amp;showsearch=0&amp;showinfo=1&amp;iv_load_policy=1&amp;wmode=transparent\" width=\"514\" height=\"514\" frameborder=\"0\" allowfullscreen=\"allowfullscreen\" data-height=\"705\" data-width=\"1200\" data-ratio=\"0.5875\"><\/span><\/p><\/iframe><\/span><\/p>\n","protected":false},"excerpt":{"rendered":"<p>CONFIRMATION ADULTES Vous \u00eates adulte et n&rsquo;avez encore jamais re\u00e7u le sacrement de la confirmation (dernier sacrement de l&rsquo;initiation chr\u00e9tienne), il n&rsquo;est pas trop tard ! Chaque ann\u00e9e une dizaine d&rsquo;adultes se pr\u00e9parent \u00e0 recevoir ce sacrement, pour accueillir pleinement l&rsquo;Esprit Saint dans leur vie. N&rsquo;h\u00e9sitez pas \u00e0 vous adresser au p\u00e8re Th\u00e9ophile pour plus [&hellip;]<\/p>\n","protected":false},"author":1,"featured_media":9911,"parent":0,"menu_order":0,"comment_status":"closed","ping_status":"closed","template":"","meta":{"footnotes":""},"class_list":["post-334","page","type-page","status-publish","has-post-thumbnail","hentry"],"jetpack_sharing_enabled":true,"_links":{"self":[{"href":"https:\/\/sjbb.fr\/index.php\/wp-json\/wp\/v2\/pages\/334","targetHints":{"allow":["GET"]}}],"collection":[{"href":"https:\/\/sjbb.fr\/index.php\/wp-json\/wp\/v2\/pages"}],"about":[{"href":"https:\/\/sjbb.fr\/index.php\/wp-json\/wp\/v2\/types\/page"}],"author":[{"embeddable":true,"href":"https:\/\/sjbb.fr\/index.php\/wp-json\/wp\/v2\/users\/1"}],"replies":[{"embeddable":true,"href":"https:\/\/sjbb.fr\/index.php\/wp-json\/wp\/v2\/comments?post=334"}],"version-history":[{"count":1,"href":"https:\/\/sjbb.fr\/index.php\/wp-json\/wp\/v2\/pages\/334\/revisions"}],"predecessor-version":[{"id":18941,"href":"https:\/\/sjbb.fr\/index.php\/wp-json\/wp\/v2\/pages\/334\/revisions\/18941"}],"wp:featuredmedia":[{"embeddable":true,"href":"https:\/\/sjbb.fr\/index.php\/wp-json\/wp\/v2\/media\/9911"}],"wp:attachment":[{"href":"https:\/\/sjbb.fr\/index.php\/wp-json\/wp\/v2\/media?parent=334"}],"curies":[{"name":"wp","href":"https:\/\/api.w.org\/{rel}","templated":true}]}}