{"id":340,"date":"2015-12-15T19:12:38","date_gmt":"2015-12-15T18:12:38","guid":{"rendered":"http:\/\/sjbb.fr\/?page_id=340"},"modified":"2021-11-06T14:08:54","modified_gmt":"2021-11-06T13:08:54","slug":"le-mariage","status":"publish","type":"page","link":"https:\/\/sjbb.fr\/index.php\/le-mariage\/","title":{"rendered":"LE MARIAGE"},"content":{"rendered":"\n<p>Le sacrement du mariage unit un homme et une femme comme \u00e9poux et \u00e9pouse, dont au moins un des deux doit \u00eatre chr\u00e9tien baptis\u00e9.<\/p>\n\n\n\n<p class=\"has-normal-font-size\"><span style=\"color: #ff0000;\"><span class=\"has-inline-color has-black-color\"><span style=\"text-decoration: underline;\">Vous habitez sur notre paroisse<\/span> : Il faut vous inscrire \u00e0 l&rsquo;accueil, dans l&rsquo;\u00c9glise St Jean Baptiste de Belleville, AU MOINS 9 MOIS&nbsp; \u00e0 l&rsquo;avance.<\/span><\/span><\/p>\n\n\n\n<p class=\"has-normal-font-size\"><span style=\"color: #ff0000;\"><span class=\"has-inline-color has-black-color\">Une personne vous recevra et transmettra votre inscription \u00e0 un pr\u00eatre qui vous contactera.<\/span><\/span><\/p>\n\n\n\n<ul class=\"wp-block-list\"><li>Deux journ\u00e9es de pr\u00e9paration sont propos\u00e9es, le samedi de 18h30 \u00e0 21h30 et le dimanche de 10h \u00e0 16h.<\/li><li>Quatre rencontres avec un pr\u00eatre.<\/li><li>Rencontres avec des couples t\u00e9moins<\/li><li>Une rencontre de formation sp\u00e9cifique sur la foi (Parcours Red\u00e9couverte)<br>Une retraite paroissiale<strong><br><\/strong><\/li><\/ul>\n\n\n\n<p class=\"has-text-align-center\"><span style=\"text-decoration: underline; color: #800000;\"><b>UN SITE POUR VOUS AIDER A PR\u00c9PARER VOTRE MARIAGE<\/b><\/span><br>\u00c0 l\u2019approche de la saison des mariages, n\u2019h\u00e9sitez pas \u00e0 consulter ce lien : <a class=\"x_spip_url x_spip_out x_auto\" href=\"http:\/\/mail.paris.catholique.fr\/lnk\/AEUAHw_AAm4AAXukBKsAAEm0ZjYAAJMoYVAAAAAAAAF6JgBYtpkylw5_uuV1QvuQJnPBHnEQlgABaZo\/6\/aEN9RQgNbB4q_QhILpX-vQ\/aHR0cDovL3d3dy5wb3Vydm90cmVtYXJpYWdlLmZy\" target=\"_blank\" rel=\"nofollow external noopener noreferrer\">www.pourvotremariage.fr<\/a>.<\/p>\n\n\n\n<p><em>Ce site est destin\u00e9 \u00e0 tous ceux qui envisagent et\/ou se pr\u00e9parent \u00e0 se marier \u00e0 l\u2019\u00c9glise catholique. Il a \u00e9t\u00e9 r\u00e9alis\u00e9 par des couples et des pr\u00eatres pour vous accompagner au mieux et vous faire d\u00e9couvrir le d\u00e9roulement de la pri\u00e8re de l\u2019\u00c9glise.<\/em><\/p>\n\n\n\n<div class=\"wp-block-image is-style-rounded\"><figure class=\"aligncenter\"><a href=\"http:\/\/sjbb.fr\/wp-content\/uploads\/2015\/11\/IMG_0174.jpg\" rel=\"attachment wp-att-14\"><img decoding=\"async\" src=\"http:\/\/sjbb.fr\/wp-content\/uploads\/2015\/11\/IMG_0174-1024x682.jpg\" alt=\"IMG_0174\" class=\"wp-image-14\"\/><\/a><\/figure><\/div>\n\n\n\n<h3 class=\"wp-block-heading\"><strong><span style=\"color: #800000;\">Les \u00ab&nbsp;piliers&nbsp;\u00bb du mariage chr\u00e9tiens<\/span><\/strong><\/h3>\n\n\n\n<div class=\"wp-block-columns alignfull is-layout-flex wp-container-core-columns-is-layout-9d6595d7 wp-block-columns-is-layout-flex\">\n<div class=\"wp-block-column is-layout-flow wp-block-column-is-layout-flow\">\n<div class=\"jetpack-video-wrapper\"><span class=\"embed-youtube\"><iframe loading=\"lazy\" class=\"youtube-player\" src=\"https:\/\/www.youtube.com\/embed\/viZH5fiZH-s?version=3&amp;rel=1&amp;fs=1&amp;autohide=2&amp;showsearch=0&amp;showinfo=1&amp;iv_load_policy=1&amp;wmode=transparent\" allowfullscreen=\"allowfullscreen\" data-height=\"100\" data-width=\"200\" data-ratio=\"0.5875\" width=\"200\" height=\"100\" frameborder=\"0\"><\/iframe><\/span><\/div>\n<\/div>\n\n\n\n<div class=\"wp-block-column is-layout-flow wp-block-column-is-layout-flow\">\n<div class=\"jetpack-video-wrapper\"><span class=\"embed-youtube\"><iframe loading=\"lazy\" class=\"youtube-player\" src=\"https:\/\/www.youtube.com\/embed\/PXq3LHq-FaU?version=3&amp;rel=1&amp;fs=1&amp;autohide=2&amp;showsearch=0&amp;showinfo=1&amp;iv_load_policy=1&amp;wmode=transparent\" allowfullscreen=\"allowfullscreen\" data-height=\"100\" data-width=\"200\" data-ratio=\"0.5875\" width=\"200\" height=\"100\" frameborder=\"0\"><\/iframe><\/span><\/div>\n<\/div>\n\n\n\n<div class=\"wp-block-column is-layout-flow wp-block-column-is-layout-flow\">\n<div class=\"jetpack-video-wrapper\"><span class=\"embed-youtube\"><iframe loading=\"lazy\" class=\"youtube-player\" src=\"https:\/\/www.youtube.com\/embed\/eq-M_itIS_I?version=3&amp;rel=1&amp;fs=1&amp;autohide=2&amp;showsearch=0&amp;showinfo=1&amp;iv_load_policy=1&amp;wmode=transparent\" allowfullscreen=\"allowfullscreen\" data-height=\"100\" data-width=\"200\" data-ratio=\"0.5875\" width=\"200\" height=\"100\" frameborder=\"0\"><\/iframe><\/span><\/div>\n<\/div>\n<\/div>\n","protected":false},"excerpt":{"rendered":"<p>Le sacrement du mariage unit un homme et une femme comme \u00e9poux et \u00e9pouse, dont au moins un des deux doit \u00eatre chr\u00e9tien baptis\u00e9. Vous habitez sur notre paroisse : Il faut vous inscrire \u00e0 l&rsquo;accueil, dans l&rsquo;\u00c9glise St Jean Baptiste de Belleville, AU MOINS 9 MOIS&nbsp; \u00e0 l&rsquo;avance. Une personne vous recevra et transmettra [&hellip;]<\/p>\n","protected":false},"author":1,"featured_media":0,"parent":0,"menu_order":0,"comment_status":"closed","ping_status":"closed","template":"","meta":{"footnotes":""},"class_list":["post-340","page","type-page","status-publish","hentry"],"jetpack_sharing_enabled":true,"_links":{"self":[{"href":"https:\/\/sjbb.fr\/index.php\/wp-json\/wp\/v2\/pages\/340","targetHints":{"allow":["GET"]}}],"collection":[{"href":"https:\/\/sjbb.fr\/index.php\/wp-json\/wp\/v2\/pages"}],"about":[{"href":"https:\/\/sjbb.fr\/index.php\/wp-json\/wp\/v2\/types\/page"}],"author":[{"embeddable":true,"href":"https:\/\/sjbb.fr\/index.php\/wp-json\/wp\/v2\/users\/1"}],"replies":[{"embeddable":true,"href":"https:\/\/sjbb.fr\/index.php\/wp-json\/wp\/v2\/comments?post=340"}],"version-history":[{"count":0,"href":"https:\/\/sjbb.fr\/index.php\/wp-json\/wp\/v2\/pages\/340\/revisions"}],"wp:attachment":[{"href":"https:\/\/sjbb.fr\/index.php\/wp-json\/wp\/v2\/media?parent=340"}],"curies":[{"name":"wp","href":"https:\/\/api.w.org\/{rel}","templated":true}]}}

<p>Le sacrement du mariage unit un homme et une femme comme époux et épouse, dont au moins un des deux doit être chrétien baptisé.</p>



<p class="has-normal-font-size"><span style="color: #ff0000;"><span class="has-inline-color has-black-color"><span style="text-decoration: underline;">Vous habitez sur notre paroisse</span> : Il faut vous inscrire à l&rsquo;accueil, dans l&rsquo;Église St Jean Baptiste de Belleville, AU MOINS 9 MOIS&nbsp; à l&rsquo;avance.</span></span></p>



<p class="has-normal-font-size"><span style="color: #ff0000;"><span class="has-inline-color has-black-color">Une personne vous recevra et transmettra votre inscription à un prêtre qui vous contactera.</span></span></p>



<ul class="wp-block-list"><li>Deux journées de préparation sont proposées, le samedi de 18h30 à 21h30 et le dimanche de 10h à 16h.</li><li>Quatre rencontres avec un prêtre.</li><li>Rencontres avec des couples témoins</li><li>Une rencontre de formation spécifique sur la foi (Parcours Redécouverte)<br>Une retraite paroissiale<strong><br></strong></li></ul>



<p class="has-text-align-center"><span style="text-decoration: underline; color: #800000;"><b>UN SITE POUR VOUS AIDER A PRÉPARER VOTRE MARIAGE</b></span><br>À l’approche de la saison des mariages, n’hésitez pas à consulter ce lien : <a class="x_spip_url x_spip_out x_auto" href="http://mail.paris.catholique.fr/lnk/AEUAHw_AAm4AAXukBKsAAEm0ZjYAAJMoYVAAAAAAAAF6JgBYtpkylw5_uuV1QvuQJnPBHnEQlgABaZo/6/aEN9RQgNbB4q_QhILpX-vQ/aHR0cDovL3d3dy5wb3Vydm90cmVtYXJpYWdlLmZy" target="_blank" rel="nofollow external noopener noreferrer">www.pourvotremariage.fr</a>.</p>



<p><em>Ce site est destiné à tous ceux qui envisagent et/ou se préparent à se marier à l’Église catholique. Il a été réalisé par des couples et des prêtres pour vous accompagner au mieux et vous faire découvrir le déroulement de la prière de l’Église.</em></p>



<div class="wp-block-image is-style-rounded"><figure class="aligncenter"><a href="http://sjbb.fr/wp-content/uploads/2015/11/IMG_0174.jpg" rel="attachment wp-att-14"><img decoding="async" src="http://sjbb.fr/wp-content/uploads/2015/11/IMG_0174-1024x682.jpg" alt="IMG_0174" class="wp-image-14"/></a></figure></div>



<h3 class="wp-block-heading"><strong><span style="color: #800000;">Les «&nbsp;piliers&nbsp;» du mariage chrétiens</span></strong></h3>



<div class="wp-block-columns alignfull is-layout-flex wp-container-core-columns-is-layout-9d6595d7 wp-block-columns-is-layout-flex">
<div class="wp-block-column is-layout-flow wp-block-column-is-layout-flow">
<div class="jetpack-video-wrapper"><span class="embed-youtube"><iframe loading="lazy" class="youtube-player" src="https://www.youtube.com/embed/viZH5fiZH-s?version=3&amp;rel=1&amp;fs=1&amp;autohide=2&amp;showsearch=0&amp;showinfo=1&amp;iv_load_policy=1&amp;wmode=transparent" allowfullscreen="allowfullscreen" data-height="100" data-width="200" data-ratio="0.5875" width="200" height="100" frameborder="0"></iframe></span></div>
</div>



<div class="wp-block-column is-layout-flow wp-block-column-is-layout-flow">
<div class="jetpack-video-wrapper"><span class="embed-youtube"><iframe loading="lazy" class="youtube-player" src="https://www.youtube.com/embed/PXq3LHq-FaU?version=3&amp;rel=1&amp;fs=1&amp;autohide=2&amp;showsearch=0&amp;showinfo=1&amp;iv_load_policy=1&amp;wmode=transparent" allowfullscreen="allowfullscreen" data-height="100" data-width="200" data-ratio="0.5875" width="200" height="100" frameborder="0"></iframe></span></div>
</div>



<div class="wp-block-column is-layout-flow wp-block-column-is-layout-flow">
<div class="jetpack-video-wrapper"><span class="embed-youtube"><iframe loading="lazy" class="youtube-player" src="https://www.youtube.com/embed/eq-M_itIS_I?version=3&amp;rel=1&amp;fs=1&amp;autohide=2&amp;showsearch=0&amp;showinfo=1&amp;iv_load_policy=1&amp;wmode=transparent" allowfullscreen="allowfullscreen" data-height="100" data-width="200" data-ratio="0.5875" width="200" height="100" frameborder="0"></iframe></span></div>
</div>
</div>

<p>Le sacrement du mariage unit un homme et une femme comme époux et épouse, dont au moins un des deux doit être chrétien baptisé. Vous habitez sur notre paroisse : Il faut vous inscrire à l&rsquo;accueil, dans l&rsquo;Église St Jean Baptiste de Belleville, AU MOINS 9 MOIS&nbsp; à l&rsquo;avance. Une personne vous recevra et transmettra [&hellip;]</p>
