{"id":366,"date":"2015-12-15T19:33:51","date_gmt":"2015-12-15T18:33:51","guid":{"rendered":"http:\/\/sjbb.fr\/?page_id=366"},"modified":"2025-09-23T16:05:48","modified_gmt":"2025-09-23T15:05:48","slug":"mouvement-chretien-des-retraites","status":"publish","type":"page","link":"https:\/\/sjbb.fr\/index.php\/mouvement-chretien-des-retraites\/","title":{"rendered":"MOUVEMENT CHR\u00c9TIEN DES RETRAITES"},"content":{"rendered":"\n<h3 class=\"wp-block-heading\"><strong><span style=\"color: #800000;\">Mouvement Chr\u00e9tien des Retrait\u00e9s (MCR)<\/span><\/strong><\/h3>\n\n\n\n<h4 class=\"wp-block-heading\"><strong>Une \u00e9quipe se r\u00e9unit mensuellement pour \u00e9changer autour des th\u00e8mes propos\u00e9s par le mouvement.<\/strong><\/h4>\n\n\n\n<h4 class=\"wp-block-heading\"><strong>Vendredi 15h au 8 rue Palestine<\/strong> 75019<\/h4>\n\n\n\n<figure class=\"wp-block-image\"><img loading=\"lazy\" decoding=\"async\" width=\"724\" height=\"1024\" src=\"http:\/\/sjbb.fr\/wp-content\/uploads\/2019\/09\/Flyers-2019-2020-et-affiches-page-001-724x1024.jpg\" alt=\"\" class=\"wp-image-6510\" srcset=\"https:\/\/sjbb.fr\/wp-content\/uploads\/2019\/09\/Flyers-2019-2020-et-affiches-page-001-724x1024.jpg 724w, https:\/\/sjbb.fr\/wp-content\/uploads\/2019\/09\/Flyers-2019-2020-et-affiches-page-001-212x300.jpg 212w, https:\/\/sjbb.fr\/wp-content\/uploads\/2019\/09\/Flyers-2019-2020-et-affiches-page-001-768x1086.jpg 768w, https:\/\/sjbb.fr\/wp-content\/uploads\/2019\/09\/Flyers-2019-2020-et-affiches-page-001-900x1273.jpg 900w, https:\/\/sjbb.fr\/wp-content\/uploads\/2019\/09\/Flyers-2019-2020-et-affiches-page-001-1280x1810.jpg 1280w, https:\/\/sjbb.fr\/wp-content\/uploads\/2019\/09\/Flyers-2019-2020-et-affiches-page-001-17x24.jpg 17w, https:\/\/sjbb.fr\/wp-content\/uploads\/2019\/09\/Flyers-2019-2020-et-affiches-page-001-25x36.jpg 25w, https:\/\/sjbb.fr\/wp-content\/uploads\/2019\/09\/Flyers-2019-2020-et-affiches-page-001-34x48.jpg 34w\" sizes=\"auto, (max-width: 724px) 100vw, 724px\" \/><\/figure>\n\n\n\n<p class=\"has-text-align-center\"><strong>Contact : P\u00e8re St\u00e9phane ESCLEF et Marie-Agn\u00e9s TIL<\/strong><br><strong>T\u00e9l. : 01 42 08 54 54<\/strong><\/p>\n","protected":false},"excerpt":{"rendered":"<p>Mouvement Chr\u00e9tien des Retrait\u00e9s (MCR) Une \u00e9quipe se r\u00e9unit mensuellement pour \u00e9changer autour des th\u00e8mes propos\u00e9s par le mouvement. Vendredi 15h au 8 rue Palestine 75019 Contact : P\u00e8re St\u00e9phane ESCLEF et Marie-Agn\u00e9s TILT\u00e9l. : 01 42 08 54 54<\/p>\n","protected":false},"author":1,"featured_media":18900,"parent":0,"menu_order":0,"comment_status":"closed","ping_status":"closed","template":"","meta":{"footnotes":""},"class_list":["post-366","page","type-page","status-publish","has-post-thumbnail","hentry"],"jetpack_sharing_enabled":true,"_links":{"self":[{"href":"https:\/\/sjbb.fr\/index.php\/wp-json\/wp\/v2\/pages\/366","targetHints":{"allow":["GET"]}}],"collection":[{"href":"https:\/\/sjbb.fr\/index.php\/wp-json\/wp\/v2\/pages"}],"about":[{"href":"https:\/\/sjbb.fr\/index.php\/wp-json\/wp\/v2\/types\/page"}],"author":[{"embeddable":true,"href":"https:\/\/sjbb.fr\/index.php\/wp-json\/wp\/v2\/users\/1"}],"replies":[{"embeddable":true,"href":"https:\/\/sjbb.fr\/index.php\/wp-json\/wp\/v2\/comments?post=366"}],"version-history":[{"count":1,"href":"https:\/\/sjbb.fr\/index.php\/wp-json\/wp\/v2\/pages\/366\/revisions"}],"predecessor-version":[{"id":18899,"href":"https:\/\/sjbb.fr\/index.php\/wp-json\/wp\/v2\/pages\/366\/revisions\/18899"}],"wp:featuredmedia":[{"embeddable":true,"href":"https:\/\/sjbb.fr\/index.php\/wp-json\/wp\/v2\/media\/18900"}],"wp:attachment":[{"href":"https:\/\/sjbb.fr\/index.php\/wp-json\/wp\/v2\/media?parent=366"}],"curies":[{"name":"wp","href":"https:\/\/api.w.org\/{rel}","templated":true}]}}

MOUVEMENT CHRÉTIEN DES RETRAITES

<h3 class="wp-block-heading"><strong><span style="color: #800000;">Mouvement Chrétien des Retraités (MCR)</span></strong></h3>



<h4 class="wp-block-heading"><strong>Une équipe se réunit mensuellement pour échanger autour des thèmes proposés par le mouvement.</strong></h4>



<h4 class="wp-block-heading"><strong>Vendredi 15h au 8 rue Palestine</strong> 75019</h4>



<figure class="wp-block-image"><img loading="lazy" decoding="async" width="724" height="1024" src="http://sjbb.fr/wp-content/uploads/2019/09/Flyers-2019-2020-et-affiches-page-001-724x1024.jpg" alt="" class="wp-image-6510" srcset="https://sjbb.fr/wp-content/uploads/2019/09/Flyers-2019-2020-et-affiches-page-001-724x1024.jpg 724w, https://sjbb.fr/wp-content/uploads/2019/09/Flyers-2019-2020-et-affiches-page-001-212x300.jpg 212w, https://sjbb.fr/wp-content/uploads/2019/09/Flyers-2019-2020-et-affiches-page-001-768x1086.jpg 768w, https://sjbb.fr/wp-content/uploads/2019/09/Flyers-2019-2020-et-affiches-page-001-900x1273.jpg 900w, https://sjbb.fr/wp-content/uploads/2019/09/Flyers-2019-2020-et-affiches-page-001-1280x1810.jpg 1280w, https://sjbb.fr/wp-content/uploads/2019/09/Flyers-2019-2020-et-affiches-page-001-17x24.jpg 17w, https://sjbb.fr/wp-content/uploads/2019/09/Flyers-2019-2020-et-affiches-page-001-25x36.jpg 25w, https://sjbb.fr/wp-content/uploads/2019/09/Flyers-2019-2020-et-affiches-page-001-34x48.jpg 34w" sizes="auto, (max-width: 724px) 100vw, 724px" /></figure>



<p class="has-text-align-center"><strong>Contact : Père Stéphane ESCLEF et Marie-Agnés TIL</strong><br><strong>Tél. : 01 42 08 54 54</strong></p>

<p>Mouvement Chrétien des Retraités (MCR) Une équipe se réunit mensuellement pour échanger autour des thèmes proposés par le mouvement. Vendredi 15h au 8 rue Palestine 75019 Contact : Père Stéphane ESCLEF et Marie-Agnés TILTél. : 01 42 08 54 54</p>
