{"id":413,"date":"2015-12-15T19:53:03","date_gmt":"2015-12-15T18:53:03","guid":{"rendered":"http:\/\/sjbb.fr\/?page_id=413"},"modified":"2025-09-24T13:56:43","modified_gmt":"2025-09-24T12:56:43","slug":"ce2","status":"publish","type":"page","link":"https:\/\/sjbb.fr\/index.php\/ce2\/","title":{"rendered":"KT du CE2 au CM2"},"content":{"rendered":"\n<h1 class=\"wp-block-heading\"><a href=\"http:\/\/sjbb.fr\/wp-content\/uploads\/2019\/07\/Affiche-KT-A4_fp5mm-page-001.jpg\"><img loading=\"lazy\" decoding=\"async\" width=\"465\" height=\"649\" class=\"aligncenter  wp-image-6046\" src=\"http:\/\/sjbb.fr\/wp-content\/uploads\/2019\/07\/Affiche-KT-A4_fp5mm-page-001-734x1024.jpg\" alt=\"\" srcset=\"https:\/\/sjbb.fr\/wp-content\/uploads\/2019\/07\/Affiche-KT-A4_fp5mm-page-001-734x1024.jpg 734w, https:\/\/sjbb.fr\/wp-content\/uploads\/2019\/07\/Affiche-KT-A4_fp5mm-page-001-215x300.jpg 215w, https:\/\/sjbb.fr\/wp-content\/uploads\/2019\/07\/Affiche-KT-A4_fp5mm-page-001-768x1072.jpg 768w, https:\/\/sjbb.fr\/wp-content\/uploads\/2019\/07\/Affiche-KT-A4_fp5mm-page-001-900x1256.jpg 900w, https:\/\/sjbb.fr\/wp-content\/uploads\/2019\/07\/Affiche-KT-A4_fp5mm-page-001-1280x1786.jpg 1280w, https:\/\/sjbb.fr\/wp-content\/uploads\/2019\/07\/Affiche-KT-A4_fp5mm-page-001-17x24.jpg 17w, https:\/\/sjbb.fr\/wp-content\/uploads\/2019\/07\/Affiche-KT-A4_fp5mm-page-001-26x36.jpg 26w, https:\/\/sjbb.fr\/wp-content\/uploads\/2019\/07\/Affiche-KT-A4_fp5mm-page-001-34x48.jpg 34w\" sizes=\"auto, (max-width: 465px) 100vw, 465px\" \/><\/a><\/h1>\n\n\n\n<h3 class=\"wp-block-heading\"><span style=\"text-decoration: underline;\"><strong><span style=\"color: #ff0000; text-decoration: underline;\">NOTRE PROJET<\/span><\/strong><\/span><\/h3>\n\n\n\n<p class=\"has-text-align-left\"><span style=\"color: #ed6f39;\">Les enfants de CE2 \u00e0 CM2 sont attendus chaque semaine le mardi ou le jeudi (17h-18h15 avec possibilit\u00e9 d&rsquo;accueil d\u00e8s 16h30), <i style=\"font-weight: bold;\">pour grandir dans la connaissance et la rencontre de J\u00e9sus, d\u00e9couvrir la Bible <\/i><strong>et vivre les sacrements de la r\u00e9conciliation&nbsp;et de la communion.&nbsp;<\/strong><\/span><\/p>\n\n\n\n<p class=\"has-text-align-left\"><span style=\"color: #000000;\"><strong>L&rsquo;int\u00e9riorit\u00e9 et la joie<\/strong> sont deux dimensions qui nous tiennent \u00e0 c\u0153ur.&nbsp; La dimension de <strong>solidarit\u00e9<\/strong> propre \u00e0 la vie chr\u00e9tienne est mise en avant par une th\u00e9matique annuelle particuli\u00e8re (personnes r\u00e9fugi\u00e9es, incarc\u00e9r\u00e9es, \u00e2g\u00e9es ou pauvres&#8230;). <\/span><\/p>\n\n\n\n<p class=\"has-text-align-left\"><span style=\"color: #e0570d;\">Nous voulons aider les enfants \u00e0 <strong>\u00e9couter la Parole de Dieu<\/strong>, tout en leur proposant un enseignement sur trois ans, balayant l&rsquo;ensemble des grandes questions de la foi chr\u00e9tienne. <\/span><\/p>\n\n\n\n<p class=\"has-text-align-left\"><span style=\"color: #000000;\">Enfin, nous souhaitons favoriser <strong>l&rsquo;amiti\u00e9<\/strong> entre les enfants, gr\u00e2ce notamment \u00e0 une sortie \u00e0 Paris en avril et un camps th\u00e9\u00e2tre \u00e0 la Toussaint.<\/span><\/p>\n\n\n\n<p class=\"has-text-align-left\"><span style=\"color: #ed6f39;\"><strong>Si votre enfant n&rsquo;est pas baptis\u00e9s<\/strong>, une pr\u00e9paration est propos\u00e9e lors de la deuxi\u00e8me ann\u00e9e de cat\u00e9chisme.&nbsp;<\/span><\/p>\n\n\n\n<p class=\"has-text-align-center\"><span style=\"color: #ff0000;\"><strong><span style=\"text-decoration: underline;\">CONTACT<\/span><\/strong><\/span><\/p>\n\n\n\n<p class=\"has-text-align-center\">Pour toutes demandes de renseignements, <br><strong>contactez-nous sur <a href=\"mailto:ktsjbb1@gmail.com\">ktsjbb1@gmail.com<\/a><\/strong>. <br><\/p>\n\n\n\n<p class=\"has-text-align-center\">&nbsp;<\/p>\n","protected":false},"excerpt":{"rendered":"<p>NOTRE PROJET Les enfants de CE2 \u00e0 CM2 sont attendus chaque semaine le mardi ou le jeudi (17h-18h15 avec possibilit\u00e9 d&rsquo;accueil d\u00e8s 16h30), pour grandir dans la connaissance et la rencontre de J\u00e9sus, d\u00e9couvrir la Bible et vivre les sacrements de la r\u00e9conciliation&nbsp;et de la communion.&nbsp; L&rsquo;int\u00e9riorit\u00e9 et la joie sont deux dimensions qui nous [&hellip;]<\/p>\n","protected":false},"author":16,"featured_media":16425,"parent":0,"menu_order":0,"comment_status":"closed","ping_status":"closed","template":"","meta":{"footnotes":""},"class_list":["post-413","page","type-page","status-publish","has-post-thumbnail","hentry"],"jetpack_sharing_enabled":true,"_links":{"self":[{"href":"https:\/\/sjbb.fr\/index.php\/wp-json\/wp\/v2\/pages\/413","targetHints":{"allow":["GET"]}}],"collection":[{"href":"https:\/\/sjbb.fr\/index.php\/wp-json\/wp\/v2\/pages"}],"about":[{"href":"https:\/\/sjbb.fr\/index.php\/wp-json\/wp\/v2\/types\/page"}],"author":[{"embeddable":true,"href":"https:\/\/sjbb.fr\/index.php\/wp-json\/wp\/v2\/users\/16"}],"replies":[{"embeddable":true,"href":"https:\/\/sjbb.fr\/index.php\/wp-json\/wp\/v2\/comments?post=413"}],"version-history":[{"count":2,"href":"https:\/\/sjbb.fr\/index.php\/wp-json\/wp\/v2\/pages\/413\/revisions"}],"predecessor-version":[{"id":18916,"href":"https:\/\/sjbb.fr\/index.php\/wp-json\/wp\/v2\/pages\/413\/revisions\/18916"}],"wp:featuredmedia":[{"embeddable":true,"href":"https:\/\/sjbb.fr\/index.php\/wp-json\/wp\/v2\/media\/16425"}],"wp:attachment":[{"href":"https:\/\/sjbb.fr\/index.php\/wp-json\/wp\/v2\/media?parent=413"}],"curies":[{"name":"wp","href":"https:\/\/api.w.org\/{rel}","templated":true}]}}