{"id":421,"date":"2015-12-15T19:59:38","date_gmt":"2015-12-15T18:59:38","guid":{"rendered":"http:\/\/sjbb.fr\/?page_id=421"},"modified":"2025-03-09T15:37:49","modified_gmt":"2025-03-09T14:37:49","slug":"un-peu-dhistoire","status":"publish","type":"page","link":"https:\/\/sjbb.fr\/index.php\/un-peu-dhistoire\/","title":{"rendered":"L\u2019\u00c9GLISE ET SON HISTOIRE"},"content":{"rendered":"\n<p>&nbsp;<\/p>\n\n\n<div class=\"wp-block-image\">\n<figure class=\"alignleft\"><img decoding=\"async\" src=\"https:\/\/encrypted-tbn0.gstatic.com\/images?q=tbn:ANd9GcTRCY_YLlLnMb-D9U9YgRpoKYam8OQe0ucAV0ReAOZRB5Uk56tN\" alt=\"R\u00e9sultat de recherche d'images pour &quot;St jean baptiste de belleville&quot;\"\/><\/figure>\n<\/div>\n\n\n<p><strong>L<\/strong>\u2019<b>\u00e9glise Saint-Jean-Baptiste de Belleville<\/b> <strong>est une des premi\u00e8res <a class=\"extiw\" title=\"wikipedia:fr:\u00c9glise (\u00e9difice)\" href=\"http:\/\/en.wikipedia.org\/wiki\/fr:%C3%89glise_(%C3%A9difice)\">\u00e9glises<\/a> d&rsquo;<a class=\"extiw\" title=\"wikipedia:fr:Style n\u00e9ogothique\" href=\"http:\/\/en.wikipedia.org\/wiki\/fr:Style_n%C3%A9ogothique\">architecture n\u00e9ogothique<\/a> construites \u00e0 Paris.<\/strong><br><strong> Situ\u00e9e au 139 de la <a class=\"extiw\" title=\"wikipedia:fr:rue de Belleville\" href=\"http:\/\/en.wikipedia.org\/wiki\/fr:rue_de_Belleville\">rue de Belleville<\/a>, dans le 19\u00e8me arrondissement de Paris, elle fut construite entre 1854 et 1859.<\/strong><strong><\/strong><\/p>\n\n\n\n<p><strong>Cette \u00e9glise est compos\u00e9e d<\/strong><strong>&lsquo;une nef de cinq trav\u00e9es \u00e0 deux collat\u00e9raux et huit chapelles lat\u00e9rales, un transept, un ch\u0153ur avec une trav\u00e9e dans le prolongement de la nef, un d\u00e9ambulatoire donnant acc\u00e8s \u00e0 sept chapelles, de deux sacristies et de deux clochers surmont\u00e9s de fl\u00e8ches. L&rsquo;\u00e9glise mesure 68&nbsp;m de longueur hors d&rsquo;\u0153uvre sur 25&nbsp;m de largeur, l&rsquo;\u00e9l\u00e9vation de la fa\u00e7ade jusqu&rsquo;au fa\u00eetage est de 26&nbsp;m, la hauteur de chaque fl\u00e8che est de 57&nbsp;m, les hauteurs de vo\u00fbte sont pour la grande nef de 19&nbsp;m et de 8&nbsp;m pour les bas c\u00f4t\u00e9s.<\/strong><\/p>\n\n\n<div class=\"wp-block-image\">\n<figure class=\"aligncenter\"><img decoding=\"async\" src=\"https:\/\/upload.wikimedia.org\/wikipedia\/commons\/1\/1f\/Lassus,_Jean_Baptiste_Antoine.jpg\" alt=\"Afficher l'image d'origine\"\/><\/figure>\n<\/div>\n\n\n<p><br><strong> Parce qu&rsquo;elle est son dernier chantier, l&rsquo;\u00e9glise saint Jean-Baptiste de Belleville est l&rsquo;\u0153uvre la plus aboutie de <a class=\"extiw\" title=\"wikipedia:fr:Jean-Baptiste-Antoine Lassus\" href=\"http:\/\/en.wikipedia.org\/wiki\/fr:Jean-Baptiste-Antoine_Lassus\">Jean-Baptiste-Antoine Lassus<\/a> (1807-1857) l&rsquo;un des premiers architectes du style gothique au milieu du XIX<sup>e<\/sup> si\u00e8cle en France. \u00c0 Belleville, Lassus d\u00e9termina la structure, fixa le programme iconographique et dessina le mobilier de l&rsquo;\u00e9glise&nbsp;; le d\u00e9cor sculpt\u00e9 est l&rsquo;\u0153uvre d&rsquo;Aim\u00e9-Napol\u00e9on Perrey et les verri\u00e8res furent r\u00e9alis\u00e9es par Auguste de Martel, d&rsquo;apr\u00e8s des cartons de Louis Steinheil.<\/strong><\/p>\n\n\n\n<p><strong>Le jugement de <a class=\"extiw\" title=\"wikipedia:fr:Eug\u00e8ne Viollet-le-Duc\" href=\"http:\/\/en.wikipedia.org\/wiki\/fr:Eug%C3%A8ne_Viollet-le-Duc\">Viollet-le-Duc<\/a> sur l&rsquo;\u00e9glise Saint Jean-Baptiste de Belleville&nbsp;:<\/strong><br><strong> <i>\u00ab&nbsp;Lassus a d\u00e9ploy\u00e9 beaucoup d\u2019\u00e9rudition, de go\u00fbt et m\u00eame mis un certain caract\u00e8re original dans cette \u00e9tude en grand de l\u2019architecture du XIII<sup>e<\/sup> si\u00e8cle.&nbsp;\u00bb<\/i><\/strong><br><strong> Paris-Guide, Paris, 1867, p. 727.<\/strong><\/p>\n\n\n\n<p><strong>En 2008, le ch\u0153ur fit l&rsquo;objet de travaux destin\u00e9s \u00e0 am\u00e9nager un baptist\u00e8re et \u00e0 r\u00e9nover le sanctuaire, sous la direction de l&rsquo;architecte Fran\u00e7ois LACOSTE.<\/strong><\/p>\n\n\n\n<h4 class=\"wp-block-heading\"><strong>En 2015, la ville de Paris a compl\u00e9tement r\u00e9nov\u00e9e l&rsquo;\u00e9lectricit\u00e9 de notre \u00e9difice. <\/strong><\/h4>\n\n\n\n<h4 class=\"wp-block-heading\"><strong>A cette occasion, l&rsquo;\u00e9glise s&rsquo;est embellie en apportant un nouvel \u00e9clairage. Dans sa nef et sur la crois\u00e9e du transept nous avons install\u00e9 6 grands nouveaux lustres et&nbsp; dans les ogives, 15 petits lustres. <\/strong><\/h4>\n\n\n\n<p><strong>La chapelle de la Vierge Marie, situ\u00e9e au fond de l&rsquo;\u00e9glise, a \u00e9t\u00e9, elle aussi, \u00e9quip\u00e9e d&rsquo;un nouveau luminaire en arceau, qui symbolise le couronnement de la M\u00e8re du Christ.<\/strong><\/p>\n\n\n\n<p><strong>Toute cette r\u00e9alisation en \u00e9quipement LED, r\u00e9pond aux normes \u00e9conomiques et environnementales. Celle-ci a \u00e9t\u00e9 \u00e9tudi\u00e9 pour apporter <\/strong><strong>une qualit\u00e9 de confort lumineux <\/strong><strong>\u00e0 l&rsquo;ensemble de l&rsquo;\u00e9difice. <\/strong><\/p>\n","protected":false},"excerpt":{"rendered":"<p>&nbsp; L\u2019\u00e9glise Saint-Jean-Baptiste de Belleville est une des premi\u00e8res \u00e9glises d&rsquo;architecture n\u00e9ogothique construites \u00e0 Paris. Situ\u00e9e au 139 de la rue de Belleville, dans le 19\u00e8me arrondissement de Paris, elle fut construite entre 1854 et 1859. Cette \u00e9glise est compos\u00e9e d&lsquo;une nef de cinq trav\u00e9es \u00e0 deux collat\u00e9raux et huit chapelles lat\u00e9rales, un transept, un [&hellip;]<\/p>\n","protected":false},"author":1,"featured_media":0,"parent":0,"menu_order":0,"comment_status":"closed","ping_status":"closed","template":"","meta":{"footnotes":""},"class_list":["post-421","page","type-page","status-publish","hentry"],"jetpack_sharing_enabled":true,"_links":{"self":[{"href":"https:\/\/sjbb.fr\/index.php\/wp-json\/wp\/v2\/pages\/421","targetHints":{"allow":["GET"]}}],"collection":[{"href":"https:\/\/sjbb.fr\/index.php\/wp-json\/wp\/v2\/pages"}],"about":[{"href":"https:\/\/sjbb.fr\/index.php\/wp-json\/wp\/v2\/types\/page"}],"author":[{"embeddable":true,"href":"https:\/\/sjbb.fr\/index.php\/wp-json\/wp\/v2\/users\/1"}],"replies":[{"embeddable":true,"href":"https:\/\/sjbb.fr\/index.php\/wp-json\/wp\/v2\/comments?post=421"}],"version-history":[{"count":1,"href":"https:\/\/sjbb.fr\/index.php\/wp-json\/wp\/v2\/pages\/421\/revisions"}],"predecessor-version":[{"id":18499,"href":"https:\/\/sjbb.fr\/index.php\/wp-json\/wp\/v2\/pages\/421\/revisions\/18499"}],"wp:attachment":[{"href":"https:\/\/sjbb.fr\/index.php\/wp-json\/wp\/v2\/media?parent=421"}],"curies":[{"name":"wp","href":"https:\/\/api.w.org\/{rel}","templated":true}]}}