{"id":4724,"date":"2018-09-21T12:54:18","date_gmt":"2018-09-21T11:54:18","guid":{"rendered":"http:\/\/sjbb.fr\/?page_id=4724"},"modified":"2024-09-13T10:50:43","modified_gmt":"2024-09-13T09:50:43","slug":"jeunes-pro-25-30-ans","status":"publish","type":"page","link":"https:\/\/sjbb.fr\/index.php\/jeunes-pro-25-30-ans\/","title":{"rendered":"JEUNES PRO (jusqu&rsquo;\u00e0 30 ans)"},"content":{"rendered":"\n<figure class=\"wp-block-image size-full\"><a href=\"https:\/\/sjbb.fr\/wp-content\/uploads\/2024\/09\/Groupe-Jeunes-Pros-2024-2025.jpg\"><img loading=\"lazy\" decoding=\"async\" width=\"1429\" height=\"2000\" src=\"https:\/\/sjbb.fr\/wp-content\/uploads\/2024\/09\/Groupe-Jeunes-Pros-2024-2025.jpg\" alt=\"\" class=\"wp-image-18095\" srcset=\"https:\/\/sjbb.fr\/wp-content\/uploads\/2024\/09\/Groupe-Jeunes-Pros-2024-2025.jpg 1429w, https:\/\/sjbb.fr\/wp-content\/uploads\/2024\/09\/Groupe-Jeunes-Pros-2024-2025-214x300.jpg 214w, https:\/\/sjbb.fr\/wp-content\/uploads\/2024\/09\/Groupe-Jeunes-Pros-2024-2025-732x1024.jpg 732w, https:\/\/sjbb.fr\/wp-content\/uploads\/2024\/09\/Groupe-Jeunes-Pros-2024-2025-768x1075.jpg 768w, https:\/\/sjbb.fr\/wp-content\/uploads\/2024\/09\/Groupe-Jeunes-Pros-2024-2025-1097x1536.jpg 1097w, https:\/\/sjbb.fr\/wp-content\/uploads\/2024\/09\/Groupe-Jeunes-Pros-2024-2025-900x1260.jpg 900w, https:\/\/sjbb.fr\/wp-content\/uploads\/2024\/09\/Groupe-Jeunes-Pros-2024-2025-1280x1791.jpg 1280w, https:\/\/sjbb.fr\/wp-content\/uploads\/2024\/09\/Groupe-Jeunes-Pros-2024-2025-17x24.jpg 17w, https:\/\/sjbb.fr\/wp-content\/uploads\/2024\/09\/Groupe-Jeunes-Pros-2024-2025-26x36.jpg 26w, https:\/\/sjbb.fr\/wp-content\/uploads\/2024\/09\/Groupe-Jeunes-Pros-2024-2025-34x48.jpg 34w\" sizes=\"auto, (max-width: 1429px) 100vw, 1429px\" \/><\/a><\/figure>\n\n\n\n<p>Nous vous proposons une rencontre toutes les deux semaines (environ) pour<br>      &#8211; <strong>19h<\/strong>, Messe des Jeunes Pros suivi de Adoration jusqu&rsquo;\u00e0 20h (pour ceux qui peuvent)<br>      &#8211; <strong>20h<\/strong> ap\u00e9ro, suivi de enseignement ou t\u00e9moignage, suivi du repas<br> <\/p>\n\n\n\n<p><strong>Ces rencontres se font le Mardi soir \u00e0 20h, tous les 15 jours.<\/strong><br><strong>8 rue Palestine.<\/strong><\/p>\n\n\n\n<p class=\"has-text-align-center has-background\" style=\"background-color:#d59021\"><strong><em>Contact :<\/em> <\/strong> <strong> P\u00e8re Bruno de Mas Latrie (<strong>01 42 08 54 54) <\/strong><\/strong><br><strong>Mail : Jeunespros.sjbb@gmail.com<\/strong><\/p>\n\n\n\n<p class=\"has-text-align-center\"><\/p>\n\n\n\n<p class=\"wpcf7-contact-form-not-found\"><strong>Erreur\u00a0:<\/strong> Formulaire de contact non trouv\u00e9\u00a0!<\/p>\n\n\n\n<figure class=\"wp-block-image\"><img loading=\"lazy\" decoding=\"async\" width=\"641\" height=\"232\" src=\"http:\/\/sjbb.fr\/wp-content\/uploads\/2019\/06\/Protection-des-donn\u00e9es.jpg\" alt=\"\" class=\"wp-image-5982\" srcset=\"https:\/\/sjbb.fr\/wp-content\/uploads\/2019\/06\/Protection-des-donn\u00e9es.jpg 641w, https:\/\/sjbb.fr\/wp-content\/uploads\/2019\/06\/Protection-des-donn\u00e9es-300x109.jpg 300w, https:\/\/sjbb.fr\/wp-content\/uploads\/2019\/06\/Protection-des-donn\u00e9es-24x9.jpg 24w, https:\/\/sjbb.fr\/wp-content\/uploads\/2019\/06\/Protection-des-donn\u00e9es-36x13.jpg 36w, https:\/\/sjbb.fr\/wp-content\/uploads\/2019\/06\/Protection-des-donn\u00e9es-48x17.jpg 48w\" sizes=\"auto, (max-width: 641px) 100vw, 641px\" \/><\/figure>\n","protected":false},"excerpt":{"rendered":"<p>Nous vous proposons une rencontre toutes les deux semaines (environ) pour &#8211; 19h, Messe des Jeunes Pros suivi de Adoration jusqu&rsquo;\u00e0 20h (pour ceux qui peuvent) &#8211; 20h ap\u00e9ro, suivi de enseignement ou t\u00e9moignage, suivi du repas Ces rencontres se font le Mardi soir \u00e0 20h, tous les 15 jours.8 rue Palestine. Contact : P\u00e8re [&hellip;]<\/p>\n","protected":false},"author":14,"featured_media":0,"parent":0,"menu_order":0,"comment_status":"closed","ping_status":"closed","template":"","meta":{"footnotes":""},"class_list":["post-4724","page","type-page","status-publish","hentry"],"jetpack_sharing_enabled":true,"_links":{"self":[{"href":"https:\/\/sjbb.fr\/index.php\/wp-json\/wp\/v2\/pages\/4724","targetHints":{"allow":["GET"]}}],"collection":[{"href":"https:\/\/sjbb.fr\/index.php\/wp-json\/wp\/v2\/pages"}],"about":[{"href":"https:\/\/sjbb.fr\/index.php\/wp-json\/wp\/v2\/types\/page"}],"author":[{"embeddable":true,"href":"https:\/\/sjbb.fr\/index.php\/wp-json\/wp\/v2\/users\/14"}],"replies":[{"embeddable":true,"href":"https:\/\/sjbb.fr\/index.php\/wp-json\/wp\/v2\/comments?post=4724"}],"version-history":[{"count":2,"href":"https:\/\/sjbb.fr\/index.php\/wp-json\/wp\/v2\/pages\/4724\/revisions"}],"predecessor-version":[{"id":18097,"href":"https:\/\/sjbb.fr\/index.php\/wp-json\/wp\/v2\/pages\/4724\/revisions\/18097"}],"wp:attachment":[{"href":"https:\/\/sjbb.fr\/index.php\/wp-json\/wp\/v2\/media?parent=4724"}],"curies":[{"name":"wp","href":"https:\/\/api.w.org\/{rel}","templated":true}]}}