{"id":772,"date":"2016-02-07T19:27:49","date_gmt":"2016-02-07T18:27:49","guid":{"rendered":"http:\/\/sjbb.fr\/?page_id=772"},"modified":"2016-02-08T20:39:53","modified_gmt":"2016-02-08T19:39:53","slug":"edith-piaf","status":"publish","type":"page","link":"https:\/\/sjbb.fr\/index.php\/edith-piaf\/","title":{"rendered":"EDITH PIAF"},"content":{"rendered":"<h3 style=\"text-align: center;\"><span style=\"color: #800000;\"><a href=\"http:\/\/sjbb.fr\/wp-content\/uploads\/2016\/02\/220px-\u00c9dith_Piaf_914-6440.jpg\" rel=\"attachment wp-att-776\"><img loading=\"lazy\" decoding=\"async\" class=\"aligncenter size-medium wp-image-776\" src=\"http:\/\/sjbb.fr\/wp-content\/uploads\/2016\/02\/220px-\u00c9dith_Piaf_914-6440-198x300.jpg\" alt=\"220px-\u00c9dith_Piaf_914-6440\" width=\"198\" height=\"300\" \/><\/a>SUR LES FONTS BAPTISMAUX <\/span><\/h3>\n<h3 style=\"text-align: center;\"><span style=\"color: #800000;\">DE L&rsquo;EGLISE ST JEAN BAPTISTE <\/span><\/h3>\n<h3 style=\"text-align: center;\"><span style=\"color: #800000;\">DE BELLEVILLE<\/span><\/h3>\n<h3 style=\"text-align: center;\"><span style=\"color: #800000;\">EDITH GIOVANNA GASSION (EDITH PIAF) <\/span><\/h3>\n<h3 style=\"text-align: center;\"><span style=\"color: #800000;\">A ETE BAPTISE LE 15 DECEMBRE 1917<\/span><\/h3>\n<p><a href=\"http:\/\/sjbb.fr\/wp-content\/uploads\/2016\/02\/acte-bapt\u00eame-edith-PIAF-e1454869425502.jpg\" rel=\"attachment wp-att-773\"><img loading=\"lazy\" decoding=\"async\" class=\"aligncenter wp-image-773\" src=\"http:\/\/sjbb.fr\/wp-content\/uploads\/2016\/02\/acte-bapt\u00eame-edith-PIAF-e1454869425502-300x218.jpg\" alt=\"acte bapt\u00eame Edith PIAF\" width=\"526\" height=\"385\" \/><\/a><\/p>\n<p style=\"text-align: justify;\">L\u2019original est gard\u00e9 dans les archives de la paroisse<\/p>\n<p style=\"text-align: justify;\">La petite Edith retrouva la vue, suite \u00e0 une d\u00e9marche faite \u00e0 Lisieux<br \/>\ngr\u00e2ce \u00e0 l\u2019intercession de Ste Th\u00e9r\u00e8se de l\u2019enfant J\u00e9sus.<\/p>\n<h4 style=\"text-align: justify;\"><span style=\"color: #800000;\"><strong>Vid\u00e9o pour les 50 ans de sa mort le 10 octobre 2013 \u00e0 St Jean-Baptiste de Belleville<\/strong><\/span><\/h4>\n<div style=\"width: 628px;\" class=\"wp-video\"><video class=\"wp-video-shortcode\" id=\"video-772-1\" width=\"628\" height=\"332\" poster=\"http:\/\/sjbb.fr\/wp-content\/uploads\/2016\/02\/Paris-un-hommage-vibrant-\u00e0-Edith-Piaf-mp4-image.jpg\" preload=\"metadata\" controls=\"controls\"><source type=\"video\/mp4\" src=\"http:\/\/sjbb.fr\/wp-content\/uploads\/2016\/02\/Paris-un-hommage-vibrant-\u00e0-Edith-Piaf.mp4?_=1\" \/><a href=\"http:\/\/sjbb.fr\/wp-content\/uploads\/2016\/02\/Paris-un-hommage-vibrant-\u00e0-Edith-Piaf.mp4\">http:\/\/sjbb.fr\/wp-content\/uploads\/2016\/02\/Paris-un-hommage-vibrant-\u00e0-Edith-Piaf.mp4<\/a><\/video><\/div>\n<h3><span style=\"text-decoration: underline;\"><span style=\"color: #800000; text-decoration: underline;\">\u00c9DITH ET TH\u00c9R\u00c8SE<\/span><\/span><\/h3>\n<p style=\"text-align: justify;\">Notre paroisse a fait m\u00e9moire du 50e anniversaire de la mort d&rsquo;une enfant du quartier. N\u00e9e le 19 d\u00e9cembre 1915 \u00e0 l&rsquo;h\u00f4pital Tenon, baptis\u00e9e le 15 d\u00e9cembre 1917 en notre \u00e9glise Saint-Jean-Baptiste de Belleville, enterr\u00e9e le 14 octobre 1963, \u00e0 47 ans, au cimeti\u00e8re du P\u00e8re-Lachaise.<br \/>\nAu-del\u00e0 de sa vie, certes tumultueuse \u00e0 bien des \u00e9gards, dont on aura tout dit et son contraire, au-del\u00e0 du mythe Piaf, il nous faut, pour rendre hommage \u00e0 sa m\u00e9moire, aller \u00e0 l&rsquo;essentiel et dire ce qui la caract\u00e9risait peut-\u00eatre le plus et le mieux.<br \/>\nEdith Giovanna Gassion, vrai nom d&rsquo;Edith Piaf, c&rsquo;\u00e9tait l&rsquo;amour. Elle n&rsquo;a fait qu&rsquo;aimer durant toute sa vie. Avec passion, exc\u00e8s, souffrance, espoir et foi surtout. Oui, parce qu&rsquo;elle croyait tout simplement.<br \/>\nL&rsquo;extraordinaire et fid\u00e8le d\u00e9votion qu&rsquo;elle gardera toute sa vie pour Sainte Th\u00e9r\u00e8se de Lisieux est l&rsquo;exemple parfait de cette foi simple et forte. Foi nourrie aussi de vraie r\u00e9flexion. Elle avait l'\u00a0\u00bbHistoire d&rsquo;une \u00e2me\u00a0\u00bb de Th\u00e9r\u00e8se de Lisieux comme l&rsquo;un de ses livres de chevet. Cette d\u00e9votion \u00e0 Th\u00e9r\u00e8se remontait \u00e0 sa petite enfance. Depuis la gu\u00e9rison, vers l&rsquo;\u00e2ge de 6 ans, d&rsquo;une k\u00e9ratite aig\u00fce suite \u00e0 un p\u00e8lerinage \u00e0 Lisieux, avec sa grand-m\u00e8re paternelle, sur la tombe de la jeune carm\u00e9lite. Gu\u00e9rison qu&rsquo;elle consid\u00e8rera toujours comme un miracle d\u00fb \u00e0 l&rsquo;intercession de Sainte Th\u00e9r\u00e8se en sa faveur. Elle portera toute sa vie une m\u00e9daille de la sainte. A chacun de ses grands concerts, elle faisait disposer une grande image de Sainte Th\u00e9r\u00e8se sur le c\u00f4t\u00e9 droit de la sc\u00e8ne pour la voir durant toute la repr\u00e9sentation. Avant chaque spectacle, toujours la m\u00eame pri\u00e8re de protection : \u00ab\u00a0Th\u00e9r\u00e8se, maintenant, je chante pour toi !\u00a0\u00bb. Chaque ann\u00e9e, elle se rendra en septembre au Carmel de Lisieux. Pour Edith Piaf, Th\u00e9r\u00e8se de Lisieux aura \u00e9t\u00e9 sa s\u0153ur spirituelle.<br \/>\nC&rsquo;est Danielle BONEL, secr\u00e9taire et confidente d&rsquo;Edith Piaf tout au long de sa carri\u00e8re, qui r\u00e9sumera le mieux cet aspect m\u00e9connu, cach\u00e9, intime et pourtant fondateur de la vie d&rsquo;une des plus grandes voix de la chanson fran\u00e7aise du XXe si\u00e8cle : <em>\u00ab\u00a0Jusqu&rsquo;\u00e0 son dernier souffle, ayant v\u00e9cu dans son intimit\u00e9, je peux t\u00e9moigner de sa foi en Dieu et de son amour infini pour Sainte Th\u00e9r\u00e8se de l&rsquo;Enfant-J\u00e9sus, qu&rsquo;elle priait chaque jour avec d\u00e9votion&#8230;\u00a0\u00bb<\/em><\/p>\n<p style=\"text-align: right;\"><strong>Edmond SIRVENTE<\/strong><\/p>\n","protected":false},"excerpt":{"rendered":"<p>SUR LES FONTS BAPTISMAUX DE L&rsquo;EGLISE ST JEAN BAPTISTE DE BELLEVILLE EDITH GIOVANNA GASSION (EDITH PIAF) A ETE BAPTISE LE 15 DECEMBRE 1917 L\u2019original est gard\u00e9 dans les archives de la paroisse La petite Edith retrouva la vue, suite \u00e0 une d\u00e9marche faite \u00e0 Lisieux gr\u00e2ce \u00e0 l\u2019intercession de Ste Th\u00e9r\u00e8se de l\u2019enfant J\u00e9sus. Vid\u00e9o [&hellip;]<\/p>\n","protected":false},"author":1,"featured_media":0,"parent":0,"menu_order":0,"comment_status":"closed","ping_status":"closed","template":"","meta":{"footnotes":""},"class_list":["post-772","page","type-page","status-publish","hentry"],"jetpack_sharing_enabled":true,"_links":{"self":[{"href":"https:\/\/sjbb.fr\/index.php\/wp-json\/wp\/v2\/pages\/772","targetHints":{"allow":["GET"]}}],"collection":[{"href":"https:\/\/sjbb.fr\/index.php\/wp-json\/wp\/v2\/pages"}],"about":[{"href":"https:\/\/sjbb.fr\/index.php\/wp-json\/wp\/v2\/types\/page"}],"author":[{"embeddable":true,"href":"https:\/\/sjbb.fr\/index.php\/wp-json\/wp\/v2\/users\/1"}],"replies":[{"embeddable":true,"href":"https:\/\/sjbb.fr\/index.php\/wp-json\/wp\/v2\/comments?post=772"}],"version-history":[{"count":0,"href":"https:\/\/sjbb.fr\/index.php\/wp-json\/wp\/v2\/pages\/772\/revisions"}],"wp:attachment":[{"href":"https:\/\/sjbb.fr\/index.php\/wp-json\/wp\/v2\/media?parent=772"}],"curies":[{"name":"wp","href":"https:\/\/api.w.org\/{rel}","templated":true}]}}