{"id":7755,"date":"2022-11-18T05:30:00","date_gmt":"2022-11-18T04:30:00","guid":{"rendered":"https:\/\/sjbb.fr\/?page_id=7755"},"modified":"2026-04-10T18:18:09","modified_gmt":"2026-04-10T17:18:09","slug":"bienvenue","status":"publish","type":"page","link":"https:\/\/sjbb.fr\/","title":{"rendered":"Bienvenue"},"content":{"rendered":"\n<figure class=\"wp-block-image size-large\"><a href=\"https:\/\/sjbb.fr\/index.php\/deniers-en-ligne\/\"><img loading=\"lazy\" decoding=\"async\" width=\"1024\" height=\"220\" src=\"https:\/\/sjbb.fr\/wp-content\/uploads\/2023\/10\/LogoDenierDuCulte-2-1024x220.jpg\" alt=\"\" class=\"wp-image-17387\" srcset=\"https:\/\/sjbb.fr\/wp-content\/uploads\/2023\/10\/LogoDenierDuCulte-2-1024x220.jpg 1024w, https:\/\/sjbb.fr\/wp-content\/uploads\/2023\/10\/LogoDenierDuCulte-2-300x64.jpg 300w, https:\/\/sjbb.fr\/wp-content\/uploads\/2023\/10\/LogoDenierDuCulte-2-768x165.jpg 768w, https:\/\/sjbb.fr\/wp-content\/uploads\/2023\/10\/LogoDenierDuCulte-2-1536x329.jpg 1536w, https:\/\/sjbb.fr\/wp-content\/uploads\/2023\/10\/LogoDenierDuCulte-2-900x193.jpg 900w, https:\/\/sjbb.fr\/wp-content\/uploads\/2023\/10\/LogoDenierDuCulte-2-1280x274.jpg 1280w, https:\/\/sjbb.fr\/wp-content\/uploads\/2023\/10\/LogoDenierDuCulte-2-24x5.jpg 24w, https:\/\/sjbb.fr\/wp-content\/uploads\/2023\/10\/LogoDenierDuCulte-2-36x8.jpg 36w, https:\/\/sjbb.fr\/wp-content\/uploads\/2023\/10\/LogoDenierDuCulte-2-48x10.jpg 48w, https:\/\/sjbb.fr\/wp-content\/uploads\/2023\/10\/LogoDenierDuCulte-2.jpg 1950w\" sizes=\"auto, (max-width: 1024px) 100vw, 1024px\" \/><\/a><figcaption class=\"wp-element-caption\"><a href=\"https:\/\/sjbb.fr\/index.php\/deniers-en-ligne\/\">Le denier du culte<\/a><\/figcaption><\/figure>\n\n\n\n<figure class=\"wp-block-image size-large\"><a href=\"https:\/\/sjbb.fr\/index.php\/2026\/04\/10\/86-paroissien-en-pelerinage\/\"><img loading=\"lazy\" decoding=\"async\" width=\"1024\" height=\"355\" src=\"https:\/\/sjbb.fr\/wp-content\/uploads\/2026\/04\/Mere-Yvonne-Aimee-1024x355.jpg\" alt=\"\" class=\"wp-image-19424\" srcset=\"https:\/\/sjbb.fr\/wp-content\/uploads\/2026\/04\/Mere-Yvonne-Aimee-1024x355.jpg 1024w, https:\/\/sjbb.fr\/wp-content\/uploads\/2026\/04\/Mere-Yvonne-Aimee-300x104.jpg 300w, https:\/\/sjbb.fr\/wp-content\/uploads\/2026\/04\/Mere-Yvonne-Aimee-768x266.jpg 768w, https:\/\/sjbb.fr\/wp-content\/uploads\/2026\/04\/Mere-Yvonne-Aimee-900x312.jpg 900w, https:\/\/sjbb.fr\/wp-content\/uploads\/2026\/04\/Mere-Yvonne-Aimee-24x8.jpg 24w, https:\/\/sjbb.fr\/wp-content\/uploads\/2026\/04\/Mere-Yvonne-Aimee-36x12.jpg 36w, https:\/\/sjbb.fr\/wp-content\/uploads\/2026\/04\/Mere-Yvonne-Aimee-48x17.jpg 48w, https:\/\/sjbb.fr\/wp-content\/uploads\/2026\/04\/Mere-Yvonne-Aimee.jpg 1280w\" sizes=\"auto, (max-width: 1024px) 100vw, 1024px\" \/><\/a><figcaption class=\"wp-element-caption\"><a href=\"https:\/\/sjbb.fr\/index.php\/2026\/04\/10\/86-paroissien-en-pelerinage\/\">86 paroissien en p\u00e8lerinage \u00e0 Ste Anne d\u2019 Auray et Malestroit du 14 mai au 17 mai\u2026<\/a><\/figcaption><\/figure>\n\n\n\n<figure class=\"wp-block-image size-large\"><a href=\"https:\/\/sjbb.fr\/index.php\/2026\/03\/10\/ensemble-pour-les-futurs-baptises\/\"><img loading=\"lazy\" decoding=\"async\" width=\"1024\" height=\"362\" src=\"https:\/\/sjbb.fr\/wp-content\/uploads\/2026\/03\/Bapteme-adulte-recadre-1024x362.jpg\" alt=\"\" class=\"wp-image-19335\" srcset=\"https:\/\/sjbb.fr\/wp-content\/uploads\/2026\/03\/Bapteme-adulte-recadre-1024x362.jpg 1024w, https:\/\/sjbb.fr\/wp-content\/uploads\/2026\/03\/Bapteme-adulte-recadre-300x106.jpg 300w, https:\/\/sjbb.fr\/wp-content\/uploads\/2026\/03\/Bapteme-adulte-recadre-768x272.jpg 768w, https:\/\/sjbb.fr\/wp-content\/uploads\/2026\/03\/Bapteme-adulte-recadre-1536x543.jpg 1536w, https:\/\/sjbb.fr\/wp-content\/uploads\/2026\/03\/Bapteme-adulte-recadre-900x318.jpg 900w, https:\/\/sjbb.fr\/wp-content\/uploads\/2026\/03\/Bapteme-adulte-recadre-1280x453.jpg 1280w, https:\/\/sjbb.fr\/wp-content\/uploads\/2026\/03\/Bapteme-adulte-recadre-24x8.jpg 24w, https:\/\/sjbb.fr\/wp-content\/uploads\/2026\/03\/Bapteme-adulte-recadre-36x13.jpg 36w, https:\/\/sjbb.fr\/wp-content\/uploads\/2026\/03\/Bapteme-adulte-recadre-48x17.jpg 48w, https:\/\/sjbb.fr\/wp-content\/uploads\/2026\/03\/Bapteme-adulte-recadre.jpg 1700w\" sizes=\"auto, (max-width: 1024px) 100vw, 1024px\" \/><\/a><figcaption class=\"wp-element-caption\"><a href=\"https:\/\/sjbb.fr\/index.php\/2026\/03\/10\/ensemble-pour-les-futurs-baptises\/\">ensemble pour les futurs baptises<\/a><\/figcaption><\/figure>\n\n\n\n<hr class=\"wp-block-separator has-alpha-channel-opacity is-style-wide\"\/>\n\n\n\n<div class=\"wp-block-columns is-layout-flex wp-container-core-columns-is-layout-9d6595d7 wp-block-columns-is-layout-flex\">\n<div class=\"wp-block-column is-layout-flow wp-block-column-is-layout-flow\">\n<figure class=\"wp-block-image size-full is-style-default\"><a href=\"https:\/\/sjbb.fr\/index.php\/edito-du-cure\/\"><img loading=\"lazy\" decoding=\"async\" width=\"709\" height=\"709\" src=\"https:\/\/sjbb.fr\/wp-content\/uploads\/2023\/10\/INFO-TXT.png\" alt=\"\" class=\"wp-image-17348\" srcset=\"https:\/\/sjbb.fr\/wp-content\/uploads\/2023\/10\/INFO-TXT.png 709w, https:\/\/sjbb.fr\/wp-content\/uploads\/2023\/10\/INFO-TXT-300x300.png 300w, https:\/\/sjbb.fr\/wp-content\/uploads\/2023\/10\/INFO-TXT-150x150.png 150w, https:\/\/sjbb.fr\/wp-content\/uploads\/2023\/10\/INFO-TXT-144x144.png 144w, https:\/\/sjbb.fr\/wp-content\/uploads\/2023\/10\/INFO-TXT-88x88.png 88w, https:\/\/sjbb.fr\/wp-content\/uploads\/2023\/10\/INFO-TXT-24x24.png 24w, https:\/\/sjbb.fr\/wp-content\/uploads\/2023\/10\/INFO-TXT-36x36.png 36w, https:\/\/sjbb.fr\/wp-content\/uploads\/2023\/10\/INFO-TXT-48x48.png 48w\" sizes=\"auto, (max-width: 709px) 100vw, 709px\" \/><\/a><\/figure>\n<\/div>\n\n\n\n<div class=\"wp-block-column is-layout-flow wp-block-column-is-layout-flow\">\n<figure class=\"wp-block-image size-full is-style-default\"><a href=\"https:\/\/sjbb.fr\/index.php\/agenda\/\"><img loading=\"lazy\" decoding=\"async\" width=\"709\" height=\"771\" src=\"https:\/\/sjbb.fr\/wp-content\/uploads\/2023\/10\/AGENDA-TXT.png\" alt=\"\" class=\"wp-image-17346\" srcset=\"https:\/\/sjbb.fr\/wp-content\/uploads\/2023\/10\/AGENDA-TXT.png 709w, https:\/\/sjbb.fr\/wp-content\/uploads\/2023\/10\/AGENDA-TXT-276x300.png 276w, https:\/\/sjbb.fr\/wp-content\/uploads\/2023\/10\/AGENDA-TXT-22x24.png 22w, https:\/\/sjbb.fr\/wp-content\/uploads\/2023\/10\/AGENDA-TXT-33x36.png 33w, https:\/\/sjbb.fr\/wp-content\/uploads\/2023\/10\/AGENDA-TXT-44x48.png 44w\" sizes=\"auto, (max-width: 709px) 100vw, 709px\" \/><\/a><\/figure>\n<\/div>\n\n\n\n<div class=\"wp-block-column is-layout-flow wp-block-column-is-layout-flow\">\n<figure class=\"wp-block-image size-full is-style-default\"><a href=\"https:\/\/sjbb.fr\/index.php\/feuilles-paroissiales\/\"><img loading=\"lazy\" decoding=\"async\" width=\"709\" height=\"700\" src=\"https:\/\/sjbb.fr\/wp-content\/uploads\/2023\/10\/FIP-EDITO-TXT.png\" alt=\"\" class=\"wp-image-17349\" srcset=\"https:\/\/sjbb.fr\/wp-content\/uploads\/2023\/10\/FIP-EDITO-TXT.png 709w, https:\/\/sjbb.fr\/wp-content\/uploads\/2023\/10\/FIP-EDITO-TXT-300x296.png 300w, https:\/\/sjbb.fr\/wp-content\/uploads\/2023\/10\/FIP-EDITO-TXT-88x88.png 88w, https:\/\/sjbb.fr\/wp-content\/uploads\/2023\/10\/FIP-EDITO-TXT-24x24.png 24w, https:\/\/sjbb.fr\/wp-content\/uploads\/2023\/10\/FIP-EDITO-TXT-36x36.png 36w, https:\/\/sjbb.fr\/wp-content\/uploads\/2023\/10\/FIP-EDITO-TXT-48x48.png 48w\" sizes=\"auto, (max-width: 709px) 100vw, 709px\" \/><\/a><\/figure>\n<\/div>\n<\/div>\n\n\n\n<hr class=\"wp-block-separator has-alpha-channel-opacity is-style-wide\"\/>\n\n\n\n<figure class=\"wp-block-image size-large\"><a href=\"https:\/\/sjbb.fr\/index.php\/les-conferences\/\"><img loading=\"lazy\" decoding=\"async\" width=\"1024\" height=\"72\" src=\"https:\/\/sjbb.fr\/wp-content\/uploads\/2025\/05\/Les-conferences-SJBB-1024x72.jpg\" alt=\"\" class=\"wp-image-18656\" srcset=\"https:\/\/sjbb.fr\/wp-content\/uploads\/2025\/05\/Les-conferences-SJBB-1024x72.jpg 1024w, https:\/\/sjbb.fr\/wp-content\/uploads\/2025\/05\/Les-conferences-SJBB-300x21.jpg 300w, https:\/\/sjbb.fr\/wp-content\/uploads\/2025\/05\/Les-conferences-SJBB-768x54.jpg 768w, https:\/\/sjbb.fr\/wp-content\/uploads\/2025\/05\/Les-conferences-SJBB-1536x108.jpg 1536w, https:\/\/sjbb.fr\/wp-content\/uploads\/2025\/05\/Les-conferences-SJBB-900x64.jpg 900w, https:\/\/sjbb.fr\/wp-content\/uploads\/2025\/05\/Les-conferences-SJBB-1280x90.jpg 1280w, https:\/\/sjbb.fr\/wp-content\/uploads\/2025\/05\/Les-conferences-SJBB-24x2.jpg 24w, https:\/\/sjbb.fr\/wp-content\/uploads\/2025\/05\/Les-conferences-SJBB-36x3.jpg 36w, https:\/\/sjbb.fr\/wp-content\/uploads\/2025\/05\/Les-conferences-SJBB-48x3.jpg 48w, https:\/\/sjbb.fr\/wp-content\/uploads\/2025\/05\/Les-conferences-SJBB.jpg 1800w\" sizes=\"auto, (max-width: 1024px) 100vw, 1024px\" \/><\/a><\/figure>\n\n\n\n<hr class=\"wp-block-separator has-alpha-channel-opacity is-style-wide\"\/>\n\n\n\n<div class=\"wp-block-group\"><div class=\"wp-block-group__inner-container is-layout-flow wp-block-group-is-layout-flow\"><ul class=\"wp-block-latest-posts__list is-grid columns-3 wp-block-latest-posts\"><li><div class=\"wp-block-latest-posts__featured-image aligncenter\"><img loading=\"lazy\" decoding=\"async\" width=\"150\" height=\"150\" src=\"https:\/\/sjbb.fr\/wp-content\/uploads\/2026\/04\/Mere-Yvonne-Aimee-150x150.jpg\" class=\"attachment-thumbnail size-thumbnail wp-post-image\" alt=\"\" style=\"max-width:200px;max-height:150px;\" srcset=\"https:\/\/sjbb.fr\/wp-content\/uploads\/2026\/04\/Mere-Yvonne-Aimee-150x150.jpg 150w, https:\/\/sjbb.fr\/wp-content\/uploads\/2026\/04\/Mere-Yvonne-Aimee-144x144.jpg 144w, https:\/\/sjbb.fr\/wp-content\/uploads\/2026\/04\/Mere-Yvonne-Aimee-88x88.jpg 88w\" sizes=\"auto, (max-width: 150px) 100vw, 150px\" \/><\/div><a class=\"wp-block-latest-posts__post-title\" href=\"https:\/\/sjbb.fr\/index.php\/2026\/04\/10\/86-paroissien-en-pelerinage\/\">86 paroissien en p\u00e8lerinage<\/a><div class=\"wp-block-latest-posts__post-excerpt\">86 paroissien en p\u00e8lerinage \u00e0 Ste Anne d\u2019 Auray et Malestroit du 14 mai au 17 mai\u2026 sur les pas\u2026 <a class=\"wp-block-latest-posts__read-more\" href=\"https:\/\/sjbb.fr\/index.php\/2026\/04\/10\/86-paroissien-en-pelerinage\/\" rel=\"noopener noreferrer\">Lire la suite<span class=\"screen-reader-text\">\u00a0: 86 paroissien en p\u00e8lerinage<\/span><\/a><\/div><\/li>\n<li><div class=\"wp-block-latest-posts__featured-image aligncenter\"><img loading=\"lazy\" decoding=\"async\" width=\"150\" height=\"150\" src=\"https:\/\/sjbb.fr\/wp-content\/uploads\/2026\/04\/Combat-Spirituel-150x150.jpg\" class=\"attachment-thumbnail size-thumbnail wp-post-image\" alt=\"\" style=\"max-width:200px;max-height:150px;\" srcset=\"https:\/\/sjbb.fr\/wp-content\/uploads\/2026\/04\/Combat-Spirituel-150x150.jpg 150w, https:\/\/sjbb.fr\/wp-content\/uploads\/2026\/04\/Combat-Spirituel-144x144.jpg 144w, https:\/\/sjbb.fr\/wp-content\/uploads\/2026\/04\/Combat-Spirituel-88x88.jpg 88w\" sizes=\"auto, (max-width: 150px) 100vw, 150px\" \/><\/div><a class=\"wp-block-latest-posts__post-title\" href=\"https:\/\/sjbb.fr\/index.php\/2026\/04\/10\/la-providence-fait-bien-les-choses\/\">La Providence fait bien les choses<\/a><div class=\"wp-block-latest-posts__post-excerpt\">La journ\u00e9e du 15 f\u00e9vrier s\u2019annon\u00e7ait fort belle : nous allions accueillir notre petite-fille, Margot, 7 ans et des poussi\u00e8res,\u2026 <a class=\"wp-block-latest-posts__read-more\" href=\"https:\/\/sjbb.fr\/index.php\/2026\/04\/10\/la-providence-fait-bien-les-choses\/\" rel=\"noopener noreferrer\">Lire la suite<span class=\"screen-reader-text\">\u00a0: La Providence fait bien les choses<\/span><\/a><\/div><\/li>\n<li><div class=\"wp-block-latest-posts__featured-image aligncenter\"><img loading=\"lazy\" decoding=\"async\" width=\"150\" height=\"150\" src=\"https:\/\/sjbb.fr\/wp-content\/uploads\/2026\/04\/Resurrection-jesus-quotidien-150x150.jpg\" class=\"attachment-thumbnail size-thumbnail wp-post-image\" alt=\"\" style=\"max-width:200px;max-height:150px;\" srcset=\"https:\/\/sjbb.fr\/wp-content\/uploads\/2026\/04\/Resurrection-jesus-quotidien-150x150.jpg 150w, https:\/\/sjbb.fr\/wp-content\/uploads\/2026\/04\/Resurrection-jesus-quotidien-144x144.jpg 144w, https:\/\/sjbb.fr\/wp-content\/uploads\/2026\/04\/Resurrection-jesus-quotidien-88x88.jpg 88w\" sizes=\"auto, (max-width: 150px) 100vw, 150px\" \/><\/div><a class=\"wp-block-latest-posts__post-title\" href=\"https:\/\/sjbb.fr\/index.php\/2026\/04\/06\/christos-anesti-alithosanesti\/\">Christos anesti, Alithosanesti !<\/a><div class=\"wp-block-latest-posts__post-excerpt\">La R\u00e9surrection est une folie et un scandale, comme le dit Saint Paul, dans le sens o\u00f9 c&rsquo;est un \u00e9v\u00e8nement incompr\u00e9hensible qui d\u00e9route la raison et pose probl\u00e8me \u00e0 la conscience. <\/div><\/li>\n<li><div class=\"wp-block-latest-posts__featured-image aligncenter\"><img loading=\"lazy\" decoding=\"async\" width=\"150\" height=\"150\" src=\"https:\/\/sjbb.fr\/wp-content\/uploads\/2026\/04\/Semaine-sainte-150x150.jpg\" class=\"attachment-thumbnail size-thumbnail wp-post-image\" alt=\"\" style=\"max-width:200px;max-height:150px;\" srcset=\"https:\/\/sjbb.fr\/wp-content\/uploads\/2026\/04\/Semaine-sainte-150x150.jpg 150w, https:\/\/sjbb.fr\/wp-content\/uploads\/2026\/04\/Semaine-sainte-144x144.jpg 144w, https:\/\/sjbb.fr\/wp-content\/uploads\/2026\/04\/Semaine-sainte-88x88.jpg 88w\" sizes=\"auto, (max-width: 150px) 100vw, 150px\" \/><\/div><a class=\"wp-block-latest-posts__post-title\" href=\"https:\/\/sjbb.fr\/index.php\/2026\/04\/01\/semaine-sainte\/\">Semaine Sainte<\/a><div class=\"wp-block-latest-posts__post-excerpt\"><\/div><\/li>\n<li><div class=\"wp-block-latest-posts__featured-image aligncenter\"><img loading=\"lazy\" decoding=\"async\" width=\"150\" height=\"150\" src=\"https:\/\/sjbb.fr\/wp-content\/uploads\/2026\/03\/En-marche-vers-Jerusalem-150x150.jpg\" class=\"attachment-thumbnail size-thumbnail wp-post-image\" alt=\"\" style=\"max-width:200px;max-height:150px;\" srcset=\"https:\/\/sjbb.fr\/wp-content\/uploads\/2026\/03\/En-marche-vers-Jerusalem-150x150.jpg 150w, https:\/\/sjbb.fr\/wp-content\/uploads\/2026\/03\/En-marche-vers-Jerusalem-144x144.jpg 144w, https:\/\/sjbb.fr\/wp-content\/uploads\/2026\/03\/En-marche-vers-Jerusalem-88x88.jpg 88w\" sizes=\"auto, (max-width: 150px) 100vw, 150px\" \/><\/div><a class=\"wp-block-latest-posts__post-title\" href=\"https:\/\/sjbb.fr\/index.php\/2026\/03\/28\/allons-a-jerusalem\/\">Allons \u00e0 J\u00e9rusalem<\/a><div class=\"wp-block-latest-posts__post-excerpt\">\u00a0\u00a0 \u00ab\u00a0Le monde est en feu\u00a0! Ce n\u2019est pas le moment de traiter avec Dieu d\u2019affaires de peu d\u2019importance\u00a0!\u00a0\u00bb. Oh\u00a0! combien ces mots de sainte Th\u00e9r\u00e8se d\u2019Avila sont d\u2019actualit\u00e9.<\/div><\/li>\n<li><div class=\"wp-block-latest-posts__featured-image aligncenter\"><img loading=\"lazy\" decoding=\"async\" width=\"150\" height=\"150\" src=\"https:\/\/sjbb.fr\/wp-content\/uploads\/2026\/03\/Menage-de-Careme-150x150.jpg\" class=\"attachment-thumbnail size-thumbnail wp-post-image\" alt=\"\" style=\"max-width:200px;max-height:150px;\" srcset=\"https:\/\/sjbb.fr\/wp-content\/uploads\/2026\/03\/Menage-de-Careme-150x150.jpg 150w, https:\/\/sjbb.fr\/wp-content\/uploads\/2026\/03\/Menage-de-Careme-144x144.jpg 144w, https:\/\/sjbb.fr\/wp-content\/uploads\/2026\/03\/Menage-de-Careme-88x88.jpg 88w\" sizes=\"auto, (max-width: 150px) 100vw, 150px\" \/><\/div><a class=\"wp-block-latest-posts__post-title\" href=\"https:\/\/sjbb.fr\/index.php\/2026\/03\/20\/le-grand-menage-de-careme-avec-le-christ\/\">LE GRAND M\u00c9NAGE DE CAR\u00caME&#8230; AVEC LE CHRIST<\/a><div class=\"wp-block-latest-posts__post-excerpt\">Autrefois, je poss\u00e9dais deux bo\u00eetiers \u00e9nerg\u00e9tiques. Qu&rsquo;est-ce que c&rsquo;est ? Eh bien ce sont de petits objets, que l&rsquo;on porte sur soi ou que l&rsquo;on laisse \u00e0 la maison, et qui augmentent le taux vibratoire. Petit \u00e0 petit, j&rsquo;ai compris : il fallait que je me d\u00e9barrasse de ces gris-gris.<\/div><\/li>\n<\/ul><\/div><\/div>\n","protected":false},"excerpt":{"rendered":"","protected":false},"author":14,"featured_media":18850,"parent":0,"menu_order":0,"comment_status":"closed","ping_status":"closed","template":"","meta":{"footnotes":""},"class_list":["post-7755","page","type-page","status-publish","has-post-thumbnail","hentry"],"jetpack_sharing_enabled":true,"_links":{"self":[{"href":"https:\/\/sjbb.fr\/index.php\/wp-json\/wp\/v2\/pages\/7755","targetHints":{"allow":["GET"]}}],"collection":[{"href":"https:\/\/sjbb.fr\/index.php\/wp-json\/wp\/v2\/pages"}],"about":[{"href":"https:\/\/sjbb.fr\/index.php\/wp-json\/wp\/v2\/types\/page"}],"author":[{"embeddable":true,"href":"https:\/\/sjbb.fr\/index.php\/wp-json\/wp\/v2\/users\/14"}],"replies":[{"embeddable":true,"href":"https:\/\/sjbb.fr\/index.php\/wp-json\/wp\/v2\/comments?post=7755"}],"version-history":[{"count":205,"href":"https:\/\/sjbb.fr\/index.php\/wp-json\/wp\/v2\/pages\/7755\/revisions"}],"predecessor-version":[{"id":19431,"href":"https:\/\/sjbb.fr\/index.php\/wp-json\/wp\/v2\/pages\/7755\/revisions\/19431"}],"wp:featuredmedia":[{"embeddable":true,"href":"https:\/\/sjbb.fr\/index.php\/wp-json\/wp\/v2\/media\/18850"}],"wp:attachment":[{"href":"https:\/\/sjbb.fr\/index.php\/wp-json\/wp\/v2\/media?parent=7755"}],"curies":[{"name":"wp","href":"https:\/\/api.w.org\/{rel}","templated":true}]}}