{"id":7764,"date":"2022-11-18T06:30:00","date_gmt":"2022-11-18T05:30:00","guid":{"rendered":"https:\/\/sjbb.fr\/?page_id=7764"},"modified":"2026-04-10T15:08:34","modified_gmt":"2026-04-10T14:08:34","slug":"agenda","status":"publish","type":"page","link":"https:\/\/sjbb.fr\/index.php\/agenda\/","title":{"rendered":"Agenda"},"content":{"rendered":"\n<div class=\"wp-block-group has-background\" style=\"background-color:#169fc92e\"><div class=\"wp-block-group__inner-container is-layout-constrained wp-block-group-is-layout-constrained\">\n<h2 class=\"wp-block-heading\">HORAIRE de la semaine<\/h2>\n\n\n\n<ul class=\"wp-block-list\">\n<li><strong>Lundi <\/strong><strong>de P\u00e2ques 6 avril :<\/strong>\n<ul class=\"wp-block-list\">\n<li><strong>Messe unique \u00e0 11h<\/strong><\/li>\n<\/ul>\n<\/li>\n\n\n\n<li><strong>Mardi <\/strong><strong>7 avril <\/strong><strong>:<\/strong>\n<ul class=\"wp-block-list\">\n<li><strong>8h30 :&nbsp; messe<\/strong><\/li>\n\n\n\n<li><strong>17h -18h30 : <\/strong>Accueil pr\u00eatre , adoration, confession<\/li>\n\n\n\n<li><strong>19h :<\/strong> <strong>Messe suivie de l\u2019Adoration<\/strong><\/li>\n<\/ul>\n<\/li>\n\n\n\n<li><strong>Mercredi <\/strong><strong>8 avril <\/strong><strong>:&nbsp;&nbsp;<\/strong>\n<ul class=\"wp-block-list\">\n<li><strong>8h30 : Messe<\/strong><\/li>\n\n\n\n<li><strong>16h30: <\/strong>Chapelet (chapelle de la Vierge Marie)<\/li>\n\n\n\n<li><strong>17h-18h<\/strong> : Accueil pr\u00eatre, adoration, confession<\/li>\n\n\n\n<li><strong>19h : messe suivie de l\u2019Adoration<\/strong><\/li>\n<\/ul>\n<\/li>\n\n\n\n<li><strong>Jeudi <\/strong><strong>9 avril <\/strong><strong>:<\/strong>\n<ul class=\"wp-block-list\">\n<li><strong>8h30 : Messe<\/strong><\/li>\n\n\n\n<li><strong>17h -18h30 : <\/strong>Accueil pr\u00eatre , adoration, confession<\/li>\n\n\n\n<li><strong>19h : Messe suivie de l\u2019Oraison<\/strong><\/li>\n<\/ul>\n<\/li>\n\n\n\n<li><strong>Vendredi <\/strong><strong>&nbsp;10 avril <\/strong><strong>:<\/strong>\n<ul class=\"wp-block-list\">\n<li><strong>8h30 : Messe<\/strong><\/li>\n\n\n\n<li><strong>9h : Laudes<\/strong><\/li>\n\n\n\n<li><strong>17h -18h30 : <\/strong>Accueil pr\u00eatre, adoration, confession<\/li>\n\n\n\n<li><strong>19h-20h :<\/strong> <strong>Messe suivie de l\u2019Adoration<\/strong><\/li>\n<\/ul>\n<\/li>\n\n\n\n<li><strong>Samedi <\/strong><strong>11 avril <\/strong><strong>:<\/strong>\n<ul class=\"wp-block-list\">\n<li><strong>8h30 : Laudes<\/strong><\/li>\n\n\n\n<li><strong>9h : Messe<\/strong><\/li>\n\n\n\n<li><strong>18h30 : Messe Anticip\u00e9e<\/strong><\/li>\n<\/ul>\n<\/li>\n\n\n\n<li><strong>Dimanche 12&nbsp; avril :<\/strong> <strong>Dimanche de la Mis\u00e9ricorde<\/strong>\n<ul class=\"wp-block-list\">\n<li><strong>9h : Laudes<\/strong><\/li>\n\n\n\n<li><strong>11h : Messe<\/strong><\/li>\n\n\n\n<li><strong>18h30 : Messe<\/strong><\/li>\n<\/ul>\n<\/li>\n<\/ul>\n<\/div><\/div>\n\n\n\n<hr class=\"wp-block-separator has-alpha-channel-opacity is-style-wide\"\/>\n\n\n\n<h2 class=\"wp-block-heading\">Semaine Sainte<\/h2>\n\n\n\n<p><strong>Dimanche 12 avril \u00e0 16h30 \u00e0 la<\/strong> <strong>chapelle Jean-Paul II :<\/strong><br>Conf\u00e9rence par le Fr Jean-Alexandre, carme . \u00ab&nbsp;<em>Dieu cr\u00e8ve l\u2019\u00e9cran<\/em>&nbsp;\u00bb.&nbsp; Comment avoir une vie spirituelle dans un monde hyperconnect\u00e9?<\/p>\n\n\n\n<p><strong>Lundi 13 avril <\/strong><strong>:\u00ab&nbsp;CAF\u00c9 JOURDAIN&nbsp;\u00bb <\/strong>de 15h \u00e0 17h 30 au 13 rue Lassus , Salle du Jardin. Venez partager un temps convivial. Ouvert \u00e0 tous.<\/p>\n\n\n\n<p><strong>Lundi 13 <\/strong><strong>avril <\/strong>: <strong>Rencontre <\/strong><strong>BIBLIAPEDIA <\/strong>pour les deux groupes&nbsp; de 19h30 \u00e0 20h30&nbsp; (8 rue Palestine).<\/p>\n\n\n\n<p><strong>Jeudi 16 avril <\/strong><strong>: Rencontre KTPEDIA <\/strong>de 19h30 \u00e0 20h30 \u00e0 la chapelle saint Jean-Paul II (\u00e9glise).<\/p>\n\n\n\n<hr class=\"wp-block-separator has-alpha-channel-opacity is-style-wide\"\/>\n\n\n\n<div class=\"wp-block-group has-background\" style=\"background:linear-gradient(0deg,rgb(255,206,236) 0%,rgb(152,150,240) 100%)\"><div class=\"wp-block-group__inner-container is-layout-constrained wp-block-group-is-layout-constrained\">\n<h1 class=\"wp-block-heading\">Carnet Paroissial<\/h1>\n\n\n\n<h4 class=\"wp-block-heading\">Prions pour notre d\u00e9funte :<\/h4>\n\n\n\n<ul class=\"wp-block-list\">\n<li>Martine LYANNAZ<\/li>\n<\/ul>\n\n\n\n<h4 class=\"wp-block-heading\">Prions pour nos baptis\u00e9es :<\/h4>\n\n\n\n<ul class=\"wp-block-list\">\n<li>Orso de CACQUERAY, <\/li>\n\n\n\n<li>Hayd\u00e9e de CACQUERAY, <\/li>\n\n\n\n<li>Junon CUQUEMELLE et <\/li>\n\n\n\n<li>Nivaldo VERBIST<\/li>\n<\/ul>\n\n\n\n<h4 class=\"wp-block-heading\">Prions pour nos baptis\u00e9s de l\u2019aum\u00f4nerie :<\/h4>\n\n\n\n<ul class=\"wp-block-list\">\n<li>Hanna, <\/li>\n\n\n\n<li>Maya, <\/li>\n\n\n\n<li>Sienna, <\/li>\n\n\n\n<li>Anna,<\/li>\n\n\n\n<li>Louise et <\/li>\n\n\n\n<li>Aude<\/li>\n<\/ul>\n<\/div><\/div>\n\n\n\n<h2 class=\"wp-block-heading\">AUTRES INFOS<\/h2>\n\n\n\n<div class=\"wp-block-group is-nowrap is-layout-flex wp-container-core-group-is-layout-ad2f72ca wp-block-group-is-layout-flex\">\n<p>N&rsquo;oubliez pas d&rsquo;aller voir les autres info sur l&rsquo;onglet <a href=\"https:\/\/sjbb.fr\/index.php\/edito-du-cure\/\">Info <\/a><\/p>\n\n\n<div class=\"wp-block-image\">\n<figure class=\"alignright size-thumbnail is-resized\"><a href=\"https:\/\/sjbb.fr\/index.php\/edito-du-cure\/\"><img loading=\"lazy\" decoding=\"async\" width=\"150\" height=\"150\" src=\"https:\/\/sjbb.fr\/wp-content\/uploads\/2023\/10\/INFO-TXT-150x150.png\" alt=\"\" class=\"wp-image-17348\" style=\"width:75px\" srcset=\"https:\/\/sjbb.fr\/wp-content\/uploads\/2023\/10\/INFO-TXT-150x150.png 150w, https:\/\/sjbb.fr\/wp-content\/uploads\/2023\/10\/INFO-TXT-300x300.png 300w, https:\/\/sjbb.fr\/wp-content\/uploads\/2023\/10\/INFO-TXT-144x144.png 144w, https:\/\/sjbb.fr\/wp-content\/uploads\/2023\/10\/INFO-TXT-88x88.png 88w, https:\/\/sjbb.fr\/wp-content\/uploads\/2023\/10\/INFO-TXT-24x24.png 24w, https:\/\/sjbb.fr\/wp-content\/uploads\/2023\/10\/INFO-TXT-36x36.png 36w, https:\/\/sjbb.fr\/wp-content\/uploads\/2023\/10\/INFO-TXT-48x48.png 48w, https:\/\/sjbb.fr\/wp-content\/uploads\/2023\/10\/INFO-TXT.png 709w\" sizes=\"auto, (max-width: 150px) 100vw, 150px\" \/><\/a><\/figure>\n<\/div><\/div>\n\n\n\n<hr class=\"wp-block-separator has-alpha-channel-opacity is-style-wide\"\/>\n\n\n\n<h2 class=\"wp-block-heading\">Activit\u00e9s<\/h2>\n\n\n\n<ul class=\"wp-block-list\">\n<li><strong>Accueil<\/strong> : Renseignements, inscription pour pr\u00e9parer un sacrement, \u00e9coute, offrande de messe du lundi au vendredi : 17h &#8211; 18h30<\/li>\n\n\n\n<li><strong>Ouverture de l\u2019\u00e9glise<\/strong> : tous les jours de 9h \u00e0 20h<\/li>\n\n\n\n<li><strong>Tous les mercredis apr\u00e8s la messe de 19h <\/strong>\u2013 <strong>repas tir\u00e9 du sac <\/strong>au 13 rue Lassus (salle du jardin)<\/li>\n<\/ul>\n\n\n\n<hr class=\"wp-block-separator has-alpha-channel-opacity is-style-wide\"\/>\n\n\n\n<p class=\"has-text-align-justify\">Le <strong>groupe Amiti\u00e9 malades<\/strong> permet d\u2019apporter la communion et de visiter des personnes \u00e2g\u00e9es ou malades ne pouvant plus se d\u00e9placer \u00e0 l\u2019\u00e9glise. <strong>Si vous connaissez des personnes dans cette situation, n\u2019h\u00e9sitez pas \u00e0 leur en parler puis, si elles sont int\u00e9ress\u00e9es, \u00e0 transmettre leurs coordonn\u00e9es \u00e0 l\u2019accueil de la paroisse.<\/strong> Par ailleurs, <strong>n\u2019h\u00e9sitez pas \u00e0 vous signaler si vous-m\u00eame souhaitez participer \u00e0 ce groupe.<\/strong> &nbsp;<\/p>\n\n\n\n<hr class=\"wp-block-separator has-alpha-channel-opacity is-style-wide\"\/>\n\n\n\n<h2 class=\"wp-block-heading\">APPEL AU DENIER<\/h2>\n\n\n\n<p>Participer au <strong>DENIER DE L\u2019EGLISE<\/strong> permet de faire vivre notre paroisse. <strong>Votre engagement nous est pr\u00e9cieux.<\/strong> <strong><br>Vous pouvez aussi effectuer votre versement via le site internet<br>de la paroisse&nbsp;: <a href=\"https:\/\/sjbb.fr\/index.php\/deniers-en-ligne\">https:\/\/sjbb.fr\/index.php\/deniers-en-ligne<\/a>.<br>Merci \u00e0 tous.<\/strong><\/p>\n\n\n\n<hr class=\"wp-block-separator has-alpha-channel-opacity is-style-wide\"\/>\n\n\n\n<figure class=\"wp-block-image size-full\"><a href=\"https:\/\/sjbb.fr\/wp-content\/uploads\/2023\/10\/Nous.jpg\"><img loading=\"lazy\" decoding=\"async\" width=\"945\" height=\"630\" src=\"https:\/\/sjbb.fr\/wp-content\/uploads\/2023\/10\/Nous.jpg\" alt=\"\" class=\"wp-image-17400\" srcset=\"https:\/\/sjbb.fr\/wp-content\/uploads\/2023\/10\/Nous.jpg 945w, https:\/\/sjbb.fr\/wp-content\/uploads\/2023\/10\/Nous-300x200.jpg 300w, https:\/\/sjbb.fr\/wp-content\/uploads\/2023\/10\/Nous-768x512.jpg 768w, https:\/\/sjbb.fr\/wp-content\/uploads\/2023\/10\/Nous-900x600.jpg 900w, https:\/\/sjbb.fr\/wp-content\/uploads\/2023\/10\/Nous-24x16.jpg 24w, https:\/\/sjbb.fr\/wp-content\/uploads\/2023\/10\/Nous-36x24.jpg 36w, https:\/\/sjbb.fr\/wp-content\/uploads\/2023\/10\/Nous-48x32.jpg 48w\" sizes=\"auto, (max-width: 945px) 100vw, 945px\" \/><\/a><\/figure>\n\n\n\n<hr class=\"wp-block-separator has-alpha-channel-opacity\"\/>\n","protected":false},"excerpt":{"rendered":"<p>HORAIRE de la semaine Semaine Sainte Dimanche 12 avril \u00e0 16h30 \u00e0 la chapelle Jean-Paul II :Conf\u00e9rence par le Fr Jean-Alexandre, carme . \u00ab&nbsp;Dieu cr\u00e8ve l\u2019\u00e9cran&nbsp;\u00bb.&nbsp; Comment avoir une vie spirituelle dans un monde hyperconnect\u00e9? Lundi 13 avril :\u00ab&nbsp;CAF\u00c9 JOURDAIN&nbsp;\u00bb de 15h \u00e0 17h 30 au 13 rue Lassus , Salle du Jardin. Venez partager [&hellip;]<\/p>\n","protected":false},"author":1,"featured_media":17397,"parent":0,"menu_order":0,"comment_status":"closed","ping_status":"closed","template":"","meta":{"footnotes":""},"class_list":["post-7764","page","type-page","status-publish","has-post-thumbnail","hentry"],"jetpack_sharing_enabled":true,"_links":{"self":[{"href":"https:\/\/sjbb.fr\/index.php\/wp-json\/wp\/v2\/pages\/7764","targetHints":{"allow":["GET"]}}],"collection":[{"href":"https:\/\/sjbb.fr\/index.php\/wp-json\/wp\/v2\/pages"}],"about":[{"href":"https:\/\/sjbb.fr\/index.php\/wp-json\/wp\/v2\/types\/page"}],"author":[{"embeddable":true,"href":"https:\/\/sjbb.fr\/index.php\/wp-json\/wp\/v2\/users\/1"}],"replies":[{"embeddable":true,"href":"https:\/\/sjbb.fr\/index.php\/wp-json\/wp\/v2\/comments?post=7764"}],"version-history":[{"count":269,"href":"https:\/\/sjbb.fr\/index.php\/wp-json\/wp\/v2\/pages\/7764\/revisions"}],"predecessor-version":[{"id":19422,"href":"https:\/\/sjbb.fr\/index.php\/wp-json\/wp\/v2\/pages\/7764\/revisions\/19422"}],"wp:featuredmedia":[{"embeddable":true,"href":"https:\/\/sjbb.fr\/index.php\/wp-json\/wp\/v2\/media\/17397"}],"wp:attachment":[{"href":"https:\/\/sjbb.fr\/index.php\/wp-json\/wp\/v2\/media?parent=7764"}],"curies":[{"name":"wp","href":"https:\/\/api.w.org\/{rel}","templated":true}]}}