{"id":7764,"date":"2022-11-18T06:30:00","date_gmt":"2022-11-18T05:30:00","guid":{"rendered":"https:\/\/sjbb.fr\/?page_id=7764"},"modified":"2026-08-06T18:14:28","modified_gmt":"2026-08-06T17:14:28","slug":"agenda","status":"publish","type":"page","link":"https:\/\/sjbb.fr\/index.php\/agenda\/","title":{"rendered":"Agenda"},"content":{"rendered":"\n<div class=\"wp-block-group has-background\" style=\"background-color:#169fc92e\"><div class=\"wp-block-group__inner-container is-layout-constrained wp-block-group-is-layout-constrained\">\n<h2 class=\"wp-block-heading\">HORAIRE juillet<\/h2>\n\n\n\n<p class=\"wp-block-paragraph\">18\u00e8me dimanche:Is 55, 1-3; Ps 144 (145); Rm 8, 35.37-39; Mt 14, 13-21<br>19\u00e8me dimanche: 1 R 19, 9a.11-13; Ps 84 (85), Rm 9, 1-5; Mt 14, 22-33<br>20\u00e8me dimanche: Is 56, 1.6-7; Ps 66 (67); Rm 11, 13-15.29-32; Mt 15, 21-28<br>21\u00e8me dimanche: Is 22, 19-23; Ps 137 (138); Rm 11, 33-36; Mt 16, 13-20<br>22i\u00e8me dimanche : Jr 20, 7-9; Ps 62 (63); Rm 12, 1-2; Mt 16, 21-27<\/p>\n\n\n\n<ul class=\"wp-block-list\">\n<li><strong>Lundi<\/strong>\n<ul class=\"wp-block-list\">\n<li>19h Messe suivie de l\u2019adoration<\/li>\n<\/ul>\n<\/li>\n\n\n\n<li><strong>Mardi<\/strong> :\n<ul class=\"wp-block-list\">\n<li>17h-18h45: Accueil pr\u00eatre, Adoration , confession<\/li>\n\n\n\n<li>19h Messe suivie de l\u2019Adoration<\/li>\n<\/ul>\n<\/li>\n\n\n\n<li><strong>Mercredi<\/strong> :\n<ul class=\"wp-block-list\">\n<li>19h Messe suivie du Repas tir\u00e9 du sac \u2013 Salle du Jardin<\/li>\n<\/ul>\n<\/li>\n\n\n\n<li><strong>Jeudi<\/strong>:\n<ul class=\"wp-block-list\">\n<li>17h-18h45: Accueil pr\u00eatre, Adoration , confession<\/li>\n\n\n\n<li>19h Messe suivie de l\u2019Adoration<\/li>\n<\/ul>\n<\/li>\n\n\n\n<li><strong>Vendredi<\/strong>:\n<ul class=\"wp-block-list\">\n<li>19h Messe suivie de l\u2019Adoration<\/li>\n<\/ul>\n<\/li>\n\n\n\n<li><strong>Samedi <\/strong>:\n<ul class=\"wp-block-list\">\n<li>9h Messe<\/li>\n\n\n\n<li><strong>18h30 Messe anticip\u00e9e<\/strong><\/li>\n<\/ul>\n<\/li>\n\n\n\n<li><strong>Dimanche :<\/strong>\n<ul class=\"wp-block-list\">\n<li><strong>11h et <\/strong><\/li>\n\n\n\n<li><strong>18h30 Messe<\/strong><\/li>\n<\/ul>\n<\/li>\n<\/ul>\n<\/div><\/div>\n\n\n\n<hr class=\"wp-block-separator has-alpha-channel-opacity is-style-wide\"\/>\n\n\n\n<h2 class=\"wp-block-heading\">Semaine<\/h2>\n\n\n\n<div class=\"wp-block-group\"><div class=\"wp-block-group__inner-container is-layout-constrained wp-block-group-is-layout-constrained\">\n<hr class=\"wp-block-separator has-alpha-channel-opacity is-style-wide\"\/>\n<\/div><\/div>\n\n\n\n<div class=\"wp-block-group has-background\" style=\"background:linear-gradient(0deg,rgb(255,206,236) 0%,rgb(152,150,240) 100%)\"><div class=\"wp-block-group__inner-container is-layout-constrained wp-block-group-is-layout-constrained\">\n<h1 class=\"wp-block-heading\">Carnet Paroissial<\/h1>\n\n\n\n<h4 class=\"wp-block-heading\">Prions pour nos d\u00e9funts :<\/h4>\n\n\n\n<ul class=\"wp-block-list\">\n<li><\/li>\n<\/ul>\n\n\n\n<h4 class=\"wp-block-heading\">Prions pour nos baptis\u00e9es :<\/h4>\n\n\n\n<p class=\"wp-block-paragraph\"><\/p>\n<\/div><\/div>\n\n\n\n<h2 class=\"wp-block-heading\">AUTRES INFOS<\/h2>\n\n\n\n<div class=\"wp-block-group is-nowrap is-layout-flex wp-container-core-group-is-layout-8f761849 wp-block-group-is-layout-flex\">\n<p class=\"wp-block-paragraph\">N&rsquo;oubliez pas d&rsquo;aller voir les autres info sur l&rsquo;onglet <a href=\"https:\/\/sjbb.fr\/index.php\/edito-du-cure\/\">Info <\/a><\/p>\n\n\n<div class=\"wp-block-image\">\n<figure class=\"alignright size-thumbnail is-resized\"><a href=\"https:\/\/sjbb.fr\/index.php\/edito-du-cure\/\"><img loading=\"lazy\" decoding=\"async\" width=\"150\" height=\"150\" src=\"https:\/\/sjbb.fr\/wp-content\/uploads\/2023\/10\/INFO-TXT-150x150.png\" alt=\"\" class=\"wp-image-17348\" style=\"width:75px\" srcset=\"https:\/\/sjbb.fr\/wp-content\/uploads\/2023\/10\/INFO-TXT-150x150.png 150w, https:\/\/sjbb.fr\/wp-content\/uploads\/2023\/10\/INFO-TXT-300x300.png 300w, https:\/\/sjbb.fr\/wp-content\/uploads\/2023\/10\/INFO-TXT-144x144.png 144w, https:\/\/sjbb.fr\/wp-content\/uploads\/2023\/10\/INFO-TXT-88x88.png 88w, https:\/\/sjbb.fr\/wp-content\/uploads\/2023\/10\/INFO-TXT-24x24.png 24w, https:\/\/sjbb.fr\/wp-content\/uploads\/2023\/10\/INFO-TXT-36x36.png 36w, https:\/\/sjbb.fr\/wp-content\/uploads\/2023\/10\/INFO-TXT-48x48.png 48w, https:\/\/sjbb.fr\/wp-content\/uploads\/2023\/10\/INFO-TXT.png 709w\" sizes=\"auto, (max-width: 150px) 100vw, 150px\" \/><\/a><\/figure>\n<\/div><\/div>\n\n\n\n<hr class=\"wp-block-separator has-alpha-channel-opacity is-style-wide\"\/>\n\n\n\n<h2 class=\"wp-block-heading\">Activit\u00e9s<\/h2>\n\n\n\n<ul class=\"wp-block-list\">\n<li><strong>Accueil<\/strong> : Renseignements, inscription pour pr\u00e9parer un sacrement, \u00e9coute, offrande de messe du lundi au vendredi : 10h \u00e0 18h30<\/li>\n\n\n\n<li><strong>Ouverture de l\u2019\u00e9glise<\/strong> : tous les jours de 9h \u00e0 20h<\/li>\n\n\n\n<li><strong>Tous les mercredis apr\u00e8s la messe de 19h <\/strong>\u2013 <strong>repas tir\u00e9 du sac <\/strong>au 13 rue Lassus (salle du jardin)<\/li>\n<\/ul>\n\n\n\n<hr class=\"wp-block-separator has-alpha-channel-opacity is-style-wide\"\/>\n\n\n\n<p class=\"wp-block-paragraph\">Le <strong>groupe Amiti\u00e9 malades<\/strong> permet d\u2019apporter la communion et de visiter des personnes \u00e2g\u00e9es ou malades ne pouvant plus se d\u00e9placer \u00e0 l\u2019\u00e9glise. <strong>Si vous connaissez des personnes dans cette situation, n\u2019h\u00e9sitez pas \u00e0 leur en parler puis, si elles sont int\u00e9ress\u00e9es, \u00e0 transmettre leurs coordonn\u00e9es \u00e0 l\u2019accueil de la paroisse.<\/strong> Par ailleurs, <strong>n\u2019h\u00e9sitez pas \u00e0 vous signaler si vous-m\u00eame souhaitez participer \u00e0 ce groupe.<\/strong> &nbsp;<\/p>\n\n\n\n<hr class=\"wp-block-separator has-alpha-channel-opacity is-style-wide\"\/>\n\n\n\n<h2 class=\"wp-block-heading\">APPEL AU DENIER<\/h2>\n\n\n\n<p class=\"wp-block-paragraph\">Participer au <strong>DENIER DE L\u2019EGLISE<\/strong> permet de faire vivre notre paroisse. <strong>Votre engagement nous est pr\u00e9cieux.<\/strong> <strong><br>Vous pouvez aussi effectuer votre versement via le site internet<br>de la paroisse&nbsp;: <a href=\"https:\/\/sjbb.fr\/index.php\/deniers-en-ligne\">https:\/\/sjbb.fr\/index.php\/deniers-en-ligne<\/a>.<br>Merci \u00e0 tous.<\/strong><\/p>\n\n\n\n<hr class=\"wp-block-separator has-alpha-channel-opacity is-style-wide\"\/>\n\n\n\n<figure class=\"wp-block-image size-full\"><a href=\"https:\/\/sjbb.fr\/wp-content\/uploads\/2023\/10\/Nous.jpg\"><img loading=\"lazy\" decoding=\"async\" width=\"945\" height=\"630\" src=\"https:\/\/sjbb.fr\/wp-content\/uploads\/2023\/10\/Nous.jpg\" alt=\"\" class=\"wp-image-17400\" srcset=\"https:\/\/sjbb.fr\/wp-content\/uploads\/2023\/10\/Nous.jpg 945w, https:\/\/sjbb.fr\/wp-content\/uploads\/2023\/10\/Nous-300x200.jpg 300w, https:\/\/sjbb.fr\/wp-content\/uploads\/2023\/10\/Nous-768x512.jpg 768w, https:\/\/sjbb.fr\/wp-content\/uploads\/2023\/10\/Nous-900x600.jpg 900w, https:\/\/sjbb.fr\/wp-content\/uploads\/2023\/10\/Nous-24x16.jpg 24w, https:\/\/sjbb.fr\/wp-content\/uploads\/2023\/10\/Nous-36x24.jpg 36w, https:\/\/sjbb.fr\/wp-content\/uploads\/2023\/10\/Nous-48x32.jpg 48w\" sizes=\"auto, (max-width: 945px) 100vw, 945px\" \/><\/a><\/figure>\n\n\n\n<hr class=\"wp-block-separator has-alpha-channel-opacity\"\/>\n","protected":false},"excerpt":{"rendered":"<p>HORAIRE juillet 18\u00e8me dimanche:Is 55, 1-3; Ps 144 (145); Rm 8, 35.37-39; Mt 14, 13-2119\u00e8me dimanche: 1 R 19, 9a.11-13; Ps 84 (85), Rm 9, 1-5; Mt 14, 22-3320\u00e8me dimanche: Is 56, 1.6-7; Ps 66 (67); Rm 11, 13-15.29-32; Mt 15, 21-2821\u00e8me dimanche: Is 22, 19-23; Ps 137 (138); Rm 11, 33-36; Mt 16, 13-2022i\u00e8me [&hellip;]<\/p>\n","protected":false},"author":1,"featured_media":17397,"parent":0,"menu_order":0,"comment_status":"closed","ping_status":"closed","template":"","meta":{"footnotes":""},"class_list":["post-7764","page","type-page","status-publish","has-post-thumbnail","hentry"],"jetpack_sharing_enabled":true,"_links":{"self":[{"href":"https:\/\/sjbb.fr\/index.php\/wp-json\/wp\/v2\/pages\/7764","targetHints":{"allow":["GET"]}}],"collection":[{"href":"https:\/\/sjbb.fr\/index.php\/wp-json\/wp\/v2\/pages"}],"about":[{"href":"https:\/\/sjbb.fr\/index.php\/wp-json\/wp\/v2\/types\/page"}],"author":[{"embeddable":true,"href":"https:\/\/sjbb.fr\/index.php\/wp-json\/wp\/v2\/users\/1"}],"replies":[{"embeddable":true,"href":"https:\/\/sjbb.fr\/index.php\/wp-json\/wp\/v2\/comments?post=7764"}],"version-history":[{"count":285,"href":"https:\/\/sjbb.fr\/index.php\/wp-json\/wp\/v2\/pages\/7764\/revisions"}],"predecessor-version":[{"id":19620,"href":"https:\/\/sjbb.fr\/index.php\/wp-json\/wp\/v2\/pages\/7764\/revisions\/19620"}],"wp:featuredmedia":[{"embeddable":true,"href":"https:\/\/sjbb.fr\/index.php\/wp-json\/wp\/v2\/media\/17397"}],"wp:attachment":[{"href":"https:\/\/sjbb.fr\/index.php\/wp-json\/wp\/v2\/media?parent=7764"}],"curies":[{"name":"wp","href":"https:\/\/api.w.org\/{rel}","templated":true}]}}

<div class="wp-block-group has-background" style="background-color:#169fc92e"><div class="wp-block-group__inner-container is-layout-constrained wp-block-group-is-layout-constrained">
<h2 class="wp-block-heading">HORAIRE juillet</h2>



<p class="wp-block-paragraph">18ème dimanche:Is 55, 1-3; Ps 144 (145); Rm 8, 35.37-39; Mt 14, 13-21<br>19ème dimanche: 1 R 19, 9a.11-13; Ps 84 (85), Rm 9, 1-5; Mt 14, 22-33<br>20ème dimanche: Is 56, 1.6-7; Ps 66 (67); Rm 11, 13-15.29-32; Mt 15, 21-28<br>21ème dimanche: Is 22, 19-23; Ps 137 (138); Rm 11, 33-36; Mt 16, 13-20<br>22ième dimanche : Jr 20, 7-9; Ps 62 (63); Rm 12, 1-2; Mt 16, 21-27</p>



<ul class="wp-block-list">
<li><strong>Lundi</strong>
<ul class="wp-block-list">
<li>19h Messe suivie de l’adoration</li>
</ul>
</li>



<li><strong>Mardi</strong> :
<ul class="wp-block-list">
<li>17h-18h45: Accueil prêtre, Adoration , confession</li>



<li>19h Messe suivie de l’Adoration</li>
</ul>
</li>



<li><strong>Mercredi</strong> :
<ul class="wp-block-list">
<li>19h Messe suivie du Repas tiré du sac – Salle du Jardin</li>
</ul>
</li>



<li><strong>Jeudi</strong>:
<ul class="wp-block-list">
<li>17h-18h45: Accueil prêtre, Adoration , confession</li>



<li>19h Messe suivie de l’Adoration</li>
</ul>
</li>



<li><strong>Vendredi</strong>:
<ul class="wp-block-list">
<li>19h Messe suivie de l’Adoration</li>
</ul>
</li>



<li><strong>Samedi </strong>:
<ul class="wp-block-list">
<li>9h Messe</li>



<li><strong>18h30 Messe anticipée</strong></li>
</ul>
</li>



<li><strong>Dimanche :</strong>
<ul class="wp-block-list">
<li><strong>11h et </strong></li>



<li><strong>18h30 Messe</strong></li>
</ul>
</li>
</ul>
</div></div>



<hr class="wp-block-separator has-alpha-channel-opacity is-style-wide"/>



<h2 class="wp-block-heading">Semaine</h2>



<div class="wp-block-group"><div class="wp-block-group__inner-container is-layout-constrained wp-block-group-is-layout-constrained">
<hr class="wp-block-separator has-alpha-channel-opacity is-style-wide"/>
</div></div>



<div class="wp-block-group has-background" style="background:linear-gradient(0deg,rgb(255,206,236) 0%,rgb(152,150,240) 100%)"><div class="wp-block-group__inner-container is-layout-constrained wp-block-group-is-layout-constrained">
<h1 class="wp-block-heading">Carnet Paroissial</h1>



<h4 class="wp-block-heading">Prions pour nos défunts :</h4>



<ul class="wp-block-list">
<li></li>
</ul>



<h4 class="wp-block-heading">Prions pour nos baptisées :</h4>



<p class="wp-block-paragraph"></p>
</div></div>



<h2 class="wp-block-heading">AUTRES INFOS</h2>



<div class="wp-block-group is-nowrap is-layout-flex wp-container-core-group-is-layout-8f761849 wp-block-group-is-layout-flex">
<p class="wp-block-paragraph">N&rsquo;oubliez pas d&rsquo;aller voir les autres info sur l&rsquo;onglet <a href="https://sjbb.fr/index.php/edito-du-cure/">Info </a></p>


<div class="wp-block-image">
<figure class="alignright size-thumbnail is-resized"><a href="https://sjbb.fr/index.php/edito-du-cure/"><img loading="lazy" decoding="async" width="150" height="150" src="https://sjbb.fr/wp-content/uploads/2023/10/INFO-TXT-150x150.png" alt="" class="wp-image-17348" style="width:75px" srcset="https://sjbb.fr/wp-content/uploads/2023/10/INFO-TXT-150x150.png 150w, https://sjbb.fr/wp-content/uploads/2023/10/INFO-TXT-300x300.png 300w, https://sjbb.fr/wp-content/uploads/2023/10/INFO-TXT-144x144.png 144w, https://sjbb.fr/wp-content/uploads/2023/10/INFO-TXT-88x88.png 88w, https://sjbb.fr/wp-content/uploads/2023/10/INFO-TXT-24x24.png 24w, https://sjbb.fr/wp-content/uploads/2023/10/INFO-TXT-36x36.png 36w, https://sjbb.fr/wp-content/uploads/2023/10/INFO-TXT-48x48.png 48w, https://sjbb.fr/wp-content/uploads/2023/10/INFO-TXT.png 709w" sizes="auto, (max-width: 150px) 100vw, 150px" /></a></figure>
</div></div>



<hr class="wp-block-separator has-alpha-channel-opacity is-style-wide"/>



<h2 class="wp-block-heading">Activités</h2>



<ul class="wp-block-list">
<li><strong>Accueil</strong> : Renseignements, inscription pour préparer un sacrement, écoute, offrande de messe du lundi au vendredi : 10h à 18h30</li>



<li><strong>Ouverture de l’église</strong> : tous les jours de 9h à 20h</li>



<li><strong>Tous les mercredis après la messe de 19h </strong>– <strong>repas tiré du sac </strong>au 13 rue Lassus (salle du jardin)</li>
</ul>



<hr class="wp-block-separator has-alpha-channel-opacity is-style-wide"/>



<p class="wp-block-paragraph">Le <strong>groupe Amitié malades</strong> permet d’apporter la communion et de visiter des personnes âgées ou malades ne pouvant plus se déplacer à l’église. <strong>Si vous connaissez des personnes dans cette situation, n’hésitez pas à leur en parler puis, si elles sont intéressées, à transmettre leurs coordonnées à l’accueil de la paroisse.</strong> Par ailleurs, <strong>n’hésitez pas à vous signaler si vous-même souhaitez participer à ce groupe.</strong> &nbsp;</p>



<hr class="wp-block-separator has-alpha-channel-opacity is-style-wide"/>



<h2 class="wp-block-heading">APPEL AU DENIER</h2>



<p class="wp-block-paragraph">Participer au <strong>DENIER DE L’EGLISE</strong> permet de faire vivre notre paroisse. <strong>Votre engagement nous est précieux.</strong> <strong><br>Vous pouvez aussi effectuer votre versement via le site internet<br>de la paroisse&nbsp;: <a href="https://sjbb.fr/index.php/deniers-en-ligne">https://sjbb.fr/index.php/deniers-en-ligne</a>.<br>Merci à tous.</strong></p>



<hr class="wp-block-separator has-alpha-channel-opacity is-style-wide"/>



<figure class="wp-block-image size-full"><a href="https://sjbb.fr/wp-content/uploads/2023/10/Nous.jpg"><img loading="lazy" decoding="async" width="945" height="630" src="https://sjbb.fr/wp-content/uploads/2023/10/Nous.jpg" alt="" class="wp-image-17400" srcset="https://sjbb.fr/wp-content/uploads/2023/10/Nous.jpg 945w, https://sjbb.fr/wp-content/uploads/2023/10/Nous-300x200.jpg 300w, https://sjbb.fr/wp-content/uploads/2023/10/Nous-768x512.jpg 768w, https://sjbb.fr/wp-content/uploads/2023/10/Nous-900x600.jpg 900w, https://sjbb.fr/wp-content/uploads/2023/10/Nous-24x16.jpg 24w, https://sjbb.fr/wp-content/uploads/2023/10/Nous-36x24.jpg 36w, https://sjbb.fr/wp-content/uploads/2023/10/Nous-48x32.jpg 48w" sizes="auto, (max-width: 945px) 100vw, 945px" /></a></figure>



<hr class="wp-block-separator has-alpha-channel-opacity"/>

<p>HORAIRE juillet 18ème dimanche:Is 55, 1-3; Ps 144 (145); Rm 8, 35.37-39; Mt 14, 13-2119ème dimanche: 1 R 19, 9a.11-13; Ps 84 (85), Rm 9, 1-5; Mt 14, 22-3320ème dimanche: Is 56, 1.6-7; Ps 66 (67); Rm 11, 13-15.29-32; Mt 15, 21-2821ème dimanche: Is 22, 19-23; Ps 137 (138); Rm 11, 33-36; Mt 16, 13-2022ième [&hellip;]</p>
