{"id":8495,"date":"2021-10-20T10:49:54","date_gmt":"2021-10-20T09:49:54","guid":{"rendered":"https:\/\/sjbb.fr\/?page_id=8495"},"modified":"2021-10-20T18:05:55","modified_gmt":"2021-10-20T17:05:55","slug":"amities-malades","status":"publish","type":"page","link":"https:\/\/sjbb.fr\/index.php\/amities-malades\/","title":{"rendered":"Amiti\u00e9s Malades"},"content":{"rendered":"\n<h2 class=\"wp-block-heading\">Porter l\u2019eucharistie aux absents et aux malades<\/h2>\n\n\n\n<p>Fond\u00e9 sur la place centrale de l\u2019eucharistie dans la vie chr\u00e9tienne, et signe de communion fraternelle, ce minist\u00e8re est aujourd\u2019hui principalement exerc\u00e9 par des la\u00efcs.<\/p>\n\n\n\n<p>Pratique remontant aux premiers temps de l\u2019\u00c9glise, et jamais perdue depuis, le port de la communion aux malades et aux personnes absentes de la c\u00e9l\u00e9bration de la communaut\u00e9 repose sur la foi dans la pr\u00e9sence r\u00e9elle et agissante du Christ dans l\u2019eucharistie. <\/p>\n\n\n\n<h2 class=\"wp-block-heading\">Et A Saint Jean Baptiste de Belleville ?<\/h2>\n\n\n\n<p>&#8230; pour <strong>apporter la communion<\/strong> et\/ou visiter des personnes \u00e2g\u00e9es ou malades<br>&#8230; et maintenir ainsi un lien entre ces personnes et la paroisse.<\/p>\n\n\n\n<p>Contact : <a href=\"mailto:amitiemalades.sjbb@gmail.com\">amitiemalades.sjbb@gmail.com<\/a><\/p>\n","protected":false},"excerpt":{"rendered":"<p>Porter l\u2019eucharistie aux absents et aux malades Fond\u00e9 sur la place centrale de l\u2019eucharistie dans la vie chr\u00e9tienne, et signe de communion fraternelle, ce minist\u00e8re est aujourd\u2019hui principalement exerc\u00e9 par des la\u00efcs. Pratique remontant aux premiers temps de l\u2019\u00c9glise, et jamais perdue depuis, le port de la communion aux malades et aux personnes absentes de [&hellip;]<\/p>\n","protected":false},"author":14,"featured_media":8496,"parent":0,"menu_order":0,"comment_status":"closed","ping_status":"closed","template":"","meta":{"footnotes":""},"class_list":["post-8495","page","type-page","status-publish","has-post-thumbnail","hentry"],"jetpack_sharing_enabled":true,"_links":{"self":[{"href":"https:\/\/sjbb.fr\/index.php\/wp-json\/wp\/v2\/pages\/8495","targetHints":{"allow":["GET"]}}],"collection":[{"href":"https:\/\/sjbb.fr\/index.php\/wp-json\/wp\/v2\/pages"}],"about":[{"href":"https:\/\/sjbb.fr\/index.php\/wp-json\/wp\/v2\/types\/page"}],"author":[{"embeddable":true,"href":"https:\/\/sjbb.fr\/index.php\/wp-json\/wp\/v2\/users\/14"}],"replies":[{"embeddable":true,"href":"https:\/\/sjbb.fr\/index.php\/wp-json\/wp\/v2\/comments?post=8495"}],"version-history":[{"count":0,"href":"https:\/\/sjbb.fr\/index.php\/wp-json\/wp\/v2\/pages\/8495\/revisions"}],"wp:featuredmedia":[{"embeddable":true,"href":"https:\/\/sjbb.fr\/index.php\/wp-json\/wp\/v2\/media\/8496"}],"wp:attachment":[{"href":"https:\/\/sjbb.fr\/index.php\/wp-json\/wp\/v2\/media?parent=8495"}],"curies":[{"name":"wp","href":"https:\/\/api.w.org\/{rel}","templated":true}]}}