{"id":8606,"date":"2021-11-06T13:37:53","date_gmt":"2021-11-06T12:37:53","guid":{"rendered":"https:\/\/sjbb.fr\/?page_id=8606"},"modified":"2021-11-06T13:55:42","modified_gmt":"2021-11-06T12:55:42","slug":"action-catholique-ouvriere","status":"publish","type":"page","link":"https:\/\/sjbb.fr\/index.php\/action-catholique-ouvriere\/","title":{"rendered":"Action Catholique Ouvri\u00e8re"},"content":{"rendered":"\n<p>Cr\u00e9e, il y 70 ans, par des la\u00efcs et des pr\u00eatres, l\u2019<strong>ACO <\/strong>fonde sa mission sur celle du Christ et de toute l\u2019\u00c9glise.<br>Elle est un mouvement d\u2019\u00c9glise sous la responsabilit\u00e9 de la\u00efcs.<br>Ses membres d\u2019origine ouvri\u00e8re ou de milieux populaires dans toutes leurs diversit\u00e9s, se r\u00e9unissent localement en \u00e9quipes.<\/p>\n\n\n\n<p>A Saint Jean Baptiste de Belleville<\/p>\n\n\n\n<p>l\u2019\u00e9quipe : JOURDAIN<br>(une dizaine de personnes)<\/p>\n\n\n\n<p>Elle se r\u00e9unit une fois par mois, le <strong>dimanche apr\u00e8s-midi<\/strong>, pour un \u00e9change sur ce qui fait la vie de chacun de ses membres et celle des personnes de leur entourage.<\/p>\n\n\n\n<p>Et pour une relecture de leur vie \u00e0 la lumi\u00e8re de la Parole de Dieu, dans un cadre d\u2019<strong>\u00e9coute <\/strong>et de bienveillance <strong>fraternelle<\/strong>.<\/p>\n\n\n\n<p>Les rencontres se d\u00e9roulent au <strong>13 rue Lassus<\/strong> dans la salle du Jardin<\/p>\n\n\n\n<hr class=\"wp-block-separator\"\/>\n\n\n\n<p>Informations : <\/p>\n\n\n\n<p>Marie Lancien : <a href=\"mailto:\">06 40 66 11 79<\/a> <br>Soeur Denise Biard : <a href=\"mailto:\">06 33 36 07 30<\/a><\/p>\n\n\n\n<p>Groupe accompagn\u00e9 par le p\u00e8re : Th\u00e9ophile<\/p>\n\n\n\n<figure class=\"wp-block-image size-full\"><a href=\"https:\/\/sjbb.fr\/wp-content\/uploads\/2021\/11\/ACOEntete.jpg\"><img loading=\"lazy\" decoding=\"async\" width=\"761\" height=\"179\" src=\"https:\/\/sjbb.fr\/wp-content\/uploads\/2021\/11\/ACOEntete.jpg\" alt=\"\" class=\"wp-image-8611\" srcset=\"https:\/\/sjbb.fr\/wp-content\/uploads\/2021\/11\/ACOEntete.jpg 761w, https:\/\/sjbb.fr\/wp-content\/uploads\/2021\/11\/ACOEntete-300x71.jpg 300w, https:\/\/sjbb.fr\/wp-content\/uploads\/2021\/11\/ACOEntete-24x6.jpg 24w, https:\/\/sjbb.fr\/wp-content\/uploads\/2021\/11\/ACOEntete-36x8.jpg 36w, https:\/\/sjbb.fr\/wp-content\/uploads\/2021\/11\/ACOEntete-48x11.jpg 48w\" sizes=\"auto, (max-width: 761px) 100vw, 761px\" \/><\/a><\/figure>\n","protected":false},"excerpt":{"rendered":"<p>Cr\u00e9e, il y 70 ans, par des la\u00efcs et des pr\u00eatres, l\u2019ACO fonde sa mission sur celle du Christ et de toute l\u2019\u00c9glise.Elle est un mouvement d\u2019\u00c9glise sous la responsabilit\u00e9 de la\u00efcs.Ses membres d\u2019origine ouvri\u00e8re ou de milieux populaires dans toutes leurs diversit\u00e9s, se r\u00e9unissent localement en \u00e9quipes. A Saint Jean Baptiste de Belleville l\u2019\u00e9quipe [&hellip;]<\/p>\n","protected":false},"author":16,"featured_media":8611,"parent":0,"menu_order":0,"comment_status":"closed","ping_status":"closed","template":"","meta":{"footnotes":""},"class_list":["post-8606","page","type-page","status-publish","has-post-thumbnail","hentry"],"jetpack_sharing_enabled":true,"_links":{"self":[{"href":"https:\/\/sjbb.fr\/index.php\/wp-json\/wp\/v2\/pages\/8606","targetHints":{"allow":["GET"]}}],"collection":[{"href":"https:\/\/sjbb.fr\/index.php\/wp-json\/wp\/v2\/pages"}],"about":[{"href":"https:\/\/sjbb.fr\/index.php\/wp-json\/wp\/v2\/types\/page"}],"author":[{"embeddable":true,"href":"https:\/\/sjbb.fr\/index.php\/wp-json\/wp\/v2\/users\/16"}],"replies":[{"embeddable":true,"href":"https:\/\/sjbb.fr\/index.php\/wp-json\/wp\/v2\/comments?post=8606"}],"version-history":[{"count":0,"href":"https:\/\/sjbb.fr\/index.php\/wp-json\/wp\/v2\/pages\/8606\/revisions"}],"wp:featuredmedia":[{"embeddable":true,"href":"https:\/\/sjbb.fr\/index.php\/wp-json\/wp\/v2\/media\/8611"}],"wp:attachment":[{"href":"https:\/\/sjbb.fr\/index.php\/wp-json\/wp\/v2\/media?parent=8606"}],"curies":[{"name":"wp","href":"https:\/\/api.w.org\/{rel}","templated":true}]}}

Action Catholique Ouvrière

<p>Crée, il y 70 ans, par des laïcs et des prêtres, l’<strong>ACO </strong>fonde sa mission sur celle du Christ et de toute l’Église.<br>Elle est un mouvement d’Église sous la responsabilité de laïcs.<br>Ses membres d’origine ouvrière ou de milieux populaires dans toutes leurs diversités, se réunissent localement en équipes.</p>



<p>A Saint Jean Baptiste de Belleville</p>



<p>l’équipe : JOURDAIN<br>(une dizaine de personnes)</p>



<p>Elle se réunit une fois par mois, le <strong>dimanche après-midi</strong>, pour un échange sur ce qui fait la vie de chacun de ses membres et celle des personnes de leur entourage.</p>



<p>Et pour une relecture de leur vie à la lumière de la Parole de Dieu, dans un cadre d’<strong>écoute </strong>et de bienveillance <strong>fraternelle</strong>.</p>



<p>Les rencontres se déroulent au <strong>13 rue Lassus</strong> dans la salle du Jardin</p>



<hr class="wp-block-separator"/>



<p>Informations : </p>



<p>Marie Lancien : <a href="mailto:">06 40 66 11 79</a> <br>Soeur Denise Biard : <a href="mailto:">06 33 36 07 30</a></p>



<p>Groupe accompagné par le père : Théophile</p>



<figure class="wp-block-image size-full"><a href="https://sjbb.fr/wp-content/uploads/2021/11/ACOEntete.jpg"><img loading="lazy" decoding="async" width="761" height="179" src="https://sjbb.fr/wp-content/uploads/2021/11/ACOEntete.jpg" alt="" class="wp-image-8611" srcset="https://sjbb.fr/wp-content/uploads/2021/11/ACOEntete.jpg 761w, https://sjbb.fr/wp-content/uploads/2021/11/ACOEntete-300x71.jpg 300w, https://sjbb.fr/wp-content/uploads/2021/11/ACOEntete-24x6.jpg 24w, https://sjbb.fr/wp-content/uploads/2021/11/ACOEntete-36x8.jpg 36w, https://sjbb.fr/wp-content/uploads/2021/11/ACOEntete-48x11.jpg 48w" sizes="auto, (max-width: 761px) 100vw, 761px" /></a></figure>

<p>Crée, il y 70 ans, par des laïcs et des prêtres, l’ACO fonde sa mission sur celle du Christ et de toute l’Église.Elle est un mouvement d’Église sous la responsabilité de laïcs.Ses membres d’origine ouvrière ou de milieux populaires dans toutes leurs diversités, se réunissent localement en équipes. A Saint Jean Baptiste de Belleville l’équipe [&hellip;]</p>
